Last updated on 2024-08-16 01:48:29 CEST.
Flavor | Version | Tinstall | Tcheck | Ttotal | Status | Flags |
---|---|---|---|---|---|---|
r-devel-linux-x86_64-debian-clang | 0.0.1 | 7.16 | 64.00 | 71.16 | NOTE | |
r-devel-linux-x86_64-debian-gcc | 0.0.1 | 4.68 | 47.32 | 52.00 | NOTE | |
r-devel-linux-x86_64-fedora-clang | 0.0.1 | 112.51 | NOTE | |||
r-devel-linux-x86_64-fedora-gcc | 0.0.1 | 119.01 | NOTE | |||
r-devel-windows-x86_64 | 0.0.1 | 8.00 | 74.00 | 82.00 | NOTE | |
r-patched-linux-x86_64 | 0.0.1 | 7.52 | 59.70 | 67.22 | NOTE | |
r-release-linux-x86_64 | 0.0.1 | 5.30 | 60.52 | 65.82 | NOTE | |
r-release-macos-arm64 | 0.0.1 | 41.00 | NOTE | |||
r-release-macos-x86_64 | 0.0.1 | 74.00 | NOTE | |||
r-release-windows-x86_64 | 0.0.1 | 8.00 | 73.00 | 81.00 | NOTE | |
r-oldrel-macos-arm64 | 0.0.1 | 42.00 | NOTE | |||
r-oldrel-macos-x86_64 | 0.0.1 | 67.00 | NOTE | |||
r-oldrel-windows-x86_64 | 0.0.1 | 10.00 | 88.00 | 98.00 | NOTE |
Version: 0.0.1
Check: Rd cross-references
Result: NOTE
Found the following Rd file(s) with Rd \link{} targets missing package
anchors:
custom_scaffold_py_function_wrapper.Rd: py_function_docs
Please provide package anchors for all Rd \link{} targets not in the
package itself and the base packages.
Flavors: r-devel-linux-x86_64-debian-clang, r-devel-linux-x86_64-debian-gcc, r-devel-windows-x86_64
Version: 0.0.1
Check: LazyData
Result: NOTE
'LazyData' is specified without a 'data' directory
Flavors: r-devel-linux-x86_64-debian-clang, r-devel-linux-x86_64-debian-gcc, r-devel-linux-x86_64-fedora-clang, r-devel-linux-x86_64-fedora-gcc, r-devel-windows-x86_64, r-patched-linux-x86_64, r-release-linux-x86_64, r-release-macos-arm64, r-release-macos-x86_64, r-release-windows-x86_64, r-oldrel-macos-arm64, r-oldrel-macos-x86_64, r-oldrel-windows-x86_64