CRAN Package Check Results for Package scaleAlign

Last updated on 2025-02-05 02:49:01 CET.

Flavor Version Tinstall Tcheck Ttotal Status Flags
r-devel-linux-x86_64-debian-clang 1.0.0.0 1.91 20.63 22.54 OK
r-devel-linux-x86_64-debian-gcc 1.0.0.0 1.50 16.21 17.71 OK
r-devel-linux-x86_64-fedora-clang 1.0.0.0 37.25 OK
r-devel-linux-x86_64-fedora-gcc 1.0.0.0 34.87 OK
r-devel-windows-x86_64 1.0.0.0 2.00 43.00 45.00 OK
r-patched-linux-x86_64 1.0.0.0 2.00 20.10 22.10 NOTE
r-release-linux-x86_64 1.0.0.0 1.91 20.47 22.38 NOTE
r-release-macos-arm64 1.0.0.0 14.00 NOTE
r-release-macos-x86_64 1.0.0.0 22.00 NOTE
r-release-windows-x86_64 1.0.0.0 2.00 42.00 44.00 NOTE
r-oldrel-macos-arm64 1.0.0.0 16.00 NOTE
r-oldrel-macos-x86_64 1.0.0.0 21.00 NOTE
r-oldrel-windows-x86_64 1.0.0.0 4.00 44.00 48.00 NOTE

Check Details

Version: 1.0.0.0
Check: LazyData
Result: NOTE 'LazyData' is specified without a 'data' directory Flavors: r-patched-linux-x86_64, r-release-linux-x86_64, r-release-macos-arm64, r-release-macos-x86_64, r-release-windows-x86_64, r-oldrel-macos-arm64, r-oldrel-macos-x86_64, r-oldrel-windows-x86_64