Last updated on 2024-04-18 01:55:33 CEST.
Flavor | Version | Tinstall | Tcheck | Ttotal | Status | Flags |
---|---|---|---|---|---|---|
r-devel-linux-x86_64-debian-clang | 1.3.0 | 13.28 | 100.57 | 113.85 | OK | |
r-devel-linux-x86_64-debian-gcc | 1.3.0 | 8.36 | 71.61 | 79.97 | OK | |
r-devel-linux-x86_64-fedora-clang | 1.3.0 | 133.33 | OK | |||
r-devel-linux-x86_64-fedora-gcc | 1.3.0 | 131.76 | OK | |||
r-prerel-macos-arm64 | 1.3.0 | 39.00 | OK | |||
r-prerel-windows-x86_64 | 1.3.0 | 9.00 | 106.00 | 115.00 | OK | |
r-patched-linux-x86_64 | 1.3.0 | 10.91 | 93.00 | 103.91 | OK | |
r-release-linux-x86_64 | 1.3.0 | 12.00 | 95.02 | 107.02 | OK | |
r-release-macos-arm64 | 1.3.0 | 44.00 | OK | |||
r-release-macos-x86_64 | 1.3.0 | 107.00 | OK | |||
r-release-windows-x86_64 | 1.3.0 | 13.00 | 124.00 | 137.00 | OK | |
r-oldrel-macos-arm64 | 1.3.0 | 40.00 | OK | |||
r-oldrel-windows-x86_64 | 1.3.0 | 14.00 | 104.00 | 118.00 | WARN |
Version: 1.3.0
Check: R files for syntax errors
Result: WARN
Warning in file 'R/label-number.R':
unable to translate '<U+03BC>s' to native encoding
Flavor: r-oldrel-windows-x86_64