CRAN Package Check Results for Package schoenberg

Last updated on 2022-05-18 01:50:02 CEST.

Flavor Version Tinstall Tcheck Ttotal Status Flags
r-devel-linux-x86_64-debian-clang 2.0.2 1.82 33.01 34.83 NOTE
r-devel-linux-x86_64-debian-gcc 2.0.2 1.51 25.63 27.14 NOTE
r-devel-linux-x86_64-fedora-clang 2.0.2 42.32 NOTE
r-devel-linux-x86_64-fedora-gcc 2.0.2 41.85 NOTE
r-devel-windows-x86_64 2.0.2 8.00 53.00 61.00 NOTE
r-patched-linux-x86_64 2.0.2 1.81 31.80 33.61 NOTE
r-release-linux-x86_64 2.0.2 2.26 31.86 34.12 NOTE
r-release-macos-arm64 2.0.2 18.00 NOTE
r-release-macos-x86_64 2.0.2 21.00 NOTE
r-release-windows-x86_64 2.0.2 12.00 54.00 66.00 NOTE
r-oldrel-macos-arm64 2.0.2 20.00 NOTE
r-oldrel-macos-x86_64 2.0.2 30.00 NOTE
r-oldrel-windows-ix86+x86_64 2.0.2 5.00 44.00 49.00 NOTE

Check Details

Version: 2.0.2
Check: LazyData
Result: NOTE
     'LazyData' is specified without a 'data' directory
Flavors: r-devel-linux-x86_64-debian-clang, r-devel-linux-x86_64-debian-gcc, r-devel-linux-x86_64-fedora-clang, r-devel-linux-x86_64-fedora-gcc, r-devel-windows-x86_64, r-patched-linux-x86_64, r-release-linux-x86_64, r-release-macos-arm64, r-release-macos-x86_64, r-release-windows-x86_64, r-oldrel-macos-arm64, r-oldrel-macos-x86_64, r-oldrel-windows-ix86+x86_64