CRAN Package Check Results for Package scholar

Last updated on 2020-04-05 23:47:45 CEST.

Flavor Version Tinstall Tcheck Ttotal Status Flags
r-devel-linux-x86_64-debian-clang 0.1.7 6.52 59.95 66.47 OK
r-devel-linux-x86_64-debian-gcc 0.1.7 0.31 2.21 2.52 ERROR
r-devel-linux-x86_64-fedora-clang 0.1.7 79.04 OK
r-devel-linux-x86_64-fedora-gcc 0.1.7 71.98 OK
r-devel-windows-ix86+x86_64 0.1.7 14.00 80.00 94.00 OK
r-devel-windows-ix86+x86_64-gcc8 0.1.7 14.00 84.00 98.00 OK
r-patched-linux-x86_64 0.1.7 5.63 56.11 61.74 OK
r-patched-solaris-x86 0.1.7 112.50 OK
r-release-linux-x86_64 0.1.7 5.18 52.77 57.95 OK
r-release-windows-ix86+x86_64 0.1.7 21.00 123.00 144.00 OK
r-release-osx-x86_64 0.1.7 OK
r-oldrel-windows-ix86+x86_64 0.1.7 8.00 88.00 96.00 OK
r-oldrel-osx-x86_64 0.1.7 OK

Check Details

Version: 0.1.7
Check: whether package can be installed
Result: ERROR
    Installation failed.
Flavor: r-devel-linux-x86_64-debian-gcc