Last updated on 2025-02-05 02:49:01 CET.
Flavor | Version | Tinstall | Tcheck | Ttotal | Status | Flags |
---|---|---|---|---|---|---|
r-devel-linux-x86_64-debian-clang | 1.3.5 | 6.30 | 49.69 | 55.99 | NOTE | |
r-devel-linux-x86_64-debian-gcc | 1.3.5 | 3.39 | 34.34 | 37.73 | NOTE | |
r-devel-linux-x86_64-fedora-clang | 1.3.5 | 92.52 | NOTE | |||
r-devel-linux-x86_64-fedora-gcc | 1.3.5 | 84.42 | NOTE | |||
r-devel-windows-x86_64 | 1.3.5 | 7.00 | 82.00 | 89.00 | NOTE | |
r-patched-linux-x86_64 | 1.3.5 | 6.01 | 45.44 | 51.45 | NOTE | |
r-release-linux-x86_64 | 1.3.5 | 4.73 | 45.98 | 50.71 | NOTE | |
r-release-macos-arm64 | 1.3.5 | 24.00 | NOTE | |||
r-release-macos-x86_64 | 1.3.5 | 38.00 | NOTE | |||
r-release-windows-x86_64 | 1.3.5 | 7.00 | 83.00 | 90.00 | NOTE | |
r-oldrel-macos-arm64 | 1.3.5 | 24.00 | NOTE | |||
r-oldrel-macos-x86_64 | 1.3.5 | 35.00 | NOTE | |||
r-oldrel-windows-x86_64 | 1.3.5 | 7.00 | 81.00 | 88.00 | NOTE |
Version: 1.3.5
Check: Rd files
Result: NOTE
checkRd: (-1) simulateSNPs.Rd:46: Escaped LaTeX specials: \& \& \&
checkRd: (-1) simulateSNPs.Rd:80: Escaped LaTeX specials: \& \& \&
Flavors: r-devel-linux-x86_64-debian-clang, r-devel-linux-x86_64-debian-gcc, r-devel-linux-x86_64-fedora-clang, r-devel-linux-x86_64-fedora-gcc, r-devel-windows-x86_64, r-patched-linux-x86_64, r-release-linux-x86_64, r-release-macos-arm64, r-release-macos-x86_64, r-release-windows-x86_64, r-oldrel-macos-arm64, r-oldrel-macos-x86_64, r-oldrel-windows-x86_64
Version: 1.3.5
Check: package dependencies
Result: NOTE
Package suggested but not available for checking: ‘oligoClasses’
Flavors: r-oldrel-macos-arm64, r-oldrel-macos-x86_64