Last updated on 2024-05-02 01:57:14 CEST.
Flavor | Version | Tinstall | Tcheck | Ttotal | Status | Flags |
---|---|---|---|---|---|---|
r-devel-linux-x86_64-debian-clang | 1.0.0 | 3.45 | 69.02 | 72.47 | ERROR | |
r-devel-linux-x86_64-debian-gcc | 1.0.0 | 2.87 | 111.55 | 114.42 | OK | |
r-devel-linux-x86_64-fedora-clang | 1.0.0 | 199.83 | OK | |||
r-devel-linux-x86_64-fedora-gcc | 1.0.0 | 208.93 | OK | |||
r-devel-windows-x86_64 | 1.0.0 | 4.00 | 129.00 | 133.00 | OK | |
r-patched-linux-x86_64 | 1.0.0 | 4.69 | 146.80 | 151.49 | OK | |
r-release-linux-x86_64 | 1.0.0 | 4.68 | 65.27 | 69.95 | ERROR | |
r-release-macos-arm64 | 1.0.0 | 85.00 | OK | |||
r-release-windows-x86_64 | 1.0.0 | 6.00 | 126.00 | 132.00 | OK | |
r-oldrel-macos-arm64 | 1.0.0 | 76.00 | OK | |||
r-oldrel-macos-x86_64 | 1.0.0 | 118.00 | OK | |||
r-oldrel-windows-x86_64 | 1.0.0 | 5.00 | 151.00 | 156.00 | OK |
Version: 1.0.0
Check: re-building of vignette outputs
Result: ERROR
Error(s) in re-building vignettes:
...
--- re-building ‘colors.Rmd’ using rmarkdown
--- finished re-building ‘colors.Rmd’
--- re-building ‘frames.Rmd’ using rmarkdown
--- finished re-building ‘frames.Rmd’
--- re-building ‘imagery.Rmd’ using rmarkdown
--- finished re-building ‘imagery.Rmd’
--- re-building ‘languages.Rmd’ using rmarkdown
--- finished re-building ‘languages.Rmd’
--- re-building ‘layouts.Rmd’ using rmarkdown
Quitting from lines at lines 62-63 [unnamed-chunk-2] (layouts.Rmd)
Error: processing vignette 'layouts.Rmd' failed with diagnostics:
Failed writing received data to disk/application
--- failed re-building ‘layouts.Rmd’
--- re-building ‘regex.Rmd’ using rmarkdown
--- finished re-building ‘regex.Rmd’
--- re-building ‘scryr.Rmd’ using rmarkdown
Quitting from lines at lines 43-48 [unnamed-chunk-2] (scryr.Rmd)
Error: processing vignette 'scryr.Rmd' failed with diagnostics:
Failed writing received data to disk/application
--- failed re-building ‘scryr.Rmd’
--- re-building ‘syntax.Rmd’ using rmarkdown
--- finished re-building ‘syntax.Rmd’
SUMMARY: processing the following files failed:
‘layouts.Rmd’ ‘scryr.Rmd’
Error: Vignette re-building failed.
Execution halted
Flavors: r-devel-linux-x86_64-debian-clang, r-release-linux-x86_64