Last updated on 2025-05-24 01:51:34 CEST.
Flavor | Version | Tinstall | Tcheck | Ttotal | Status | Flags |
---|---|---|---|---|---|---|
r-devel-linux-x86_64-debian-clang | 1.1.4 | 9.79 | 301.13 | 310.92 | NOTE | |
r-devel-linux-x86_64-debian-gcc | 1.1.4 | 5.93 | 208.96 | 214.89 | NOTE | |
r-devel-linux-x86_64-fedora-clang | 1.1.4 | 508.40 | NOTE | |||
r-devel-linux-x86_64-fedora-gcc | 1.1.4 | 497.49 | NOTE | |||
r-devel-windows-x86_64 | 1.1.4 | 10.00 | 393.00 | 403.00 | NOTE | |
r-patched-linux-x86_64 | 1.1.4 | 10.09 | 294.52 | 304.61 | NOTE | |
r-release-linux-x86_64 | 1.1.4 | 9.67 | 296.63 | 306.30 | NOTE | |
r-release-macos-arm64 | 1.1.4 | 230.00 | NOTE | |||
r-release-macos-x86_64 | 1.1.4 | 311.00 | NOTE | |||
r-release-windows-x86_64 | 1.1.4 | 9.00 | 401.00 | 410.00 | NOTE | |
r-oldrel-macos-arm64 | 1.1.4 | 177.00 | NOTE | |||
r-oldrel-macos-x86_64 | 1.1.4 | 237.00 | NOTE | |||
r-oldrel-windows-x86_64 | 1.1.4 | 10.00 | 437.00 | 447.00 | NOTE |
Version: 1.1.4
Check: Rd files
Result: NOTE
checkRd: (-1) cln.Rd:27: Lost braces
27 | case for text \code{1} for 1st uppercase, code{2} for lowercase, code{3} for uppercase (optional)
| ^
checkRd: (-1) cln.Rd:27: Lost braces
27 | case for text \code{1} for 1st uppercase, code{2} for lowercase, code{3} for uppercase (optional)
| ^
Flavors: r-devel-linux-x86_64-debian-clang, r-devel-linux-x86_64-debian-gcc, r-devel-linux-x86_64-fedora-clang, r-devel-linux-x86_64-fedora-gcc, r-devel-windows-x86_64, r-patched-linux-x86_64, r-release-linux-x86_64, r-release-macos-arm64, r-release-macos-x86_64, r-release-windows-x86_64, r-oldrel-macos-arm64, r-oldrel-macos-x86_64, r-oldrel-windows-x86_64