Last updated on 2025-05-09 01:50:18 CEST.
Flavor | Version | Tinstall | Tcheck | Ttotal | Status | Flags |
---|---|---|---|---|---|---|
r-devel-linux-x86_64-debian-clang | 0.32.7 | 66.14 | 140.12 | 206.26 | OK | |
r-devel-linux-x86_64-debian-gcc | 0.32.7 | 48.16 | 95.04 | 143.20 | OK | |
r-devel-linux-x86_64-fedora-clang | 0.32.7 | 346.39 | OK | |||
r-devel-linux-x86_64-fedora-gcc | 0.32.7 | 358.14 | OK | |||
r-devel-windows-x86_64 | 0.32.7 | 76.00 | 170.00 | 246.00 | OK | |
r-patched-linux-x86_64 | 0.32.7 | 70.05 | 129.90 | 199.95 | OK | |
r-release-linux-x86_64 | 0.32.7 | 69.63 | 131.18 | 200.81 | OK | |
r-release-macos-arm64 | 0.32.7 | 86.00 | OK | |||
r-release-macos-x86_64 | 0.32.7 | 158.00 | OK | |||
r-release-windows-x86_64 | 0.32.7 | 87.00 | 181.00 | 268.00 | OK | |
r-oldrel-macos-arm64 | 0.32.7 | 165.00 | NOTE | |||
r-oldrel-macos-x86_64 | 0.32.7 | 170.00 | NOTE | |||
r-oldrel-windows-x86_64 | 0.32.7 | 100.00 | 217.00 | 317.00 | OK |
Version: 0.32.7
Check: installed package size
Result: NOTE
installed size is 8.1Mb
sub-directories of 1Mb or more:
R 2.1Mb
libs 5.7Mb
Flavors: r-oldrel-macos-arm64, r-oldrel-macos-x86_64