Last updated on 2024-04-19 01:59:00 CEST.
Flavor | Version | Tinstall | Tcheck | Ttotal | Status | Flags |
---|---|---|---|---|---|---|
r-devel-linux-x86_64-debian-clang | 0.3 | 8.55 | 65.88 | 74.43 | WARN | |
r-devel-linux-x86_64-debian-gcc | 0.3 | 6.44 | 47.37 | 53.81 | OK | |
r-devel-linux-x86_64-fedora-clang | 0.3 | 87.43 | OK | |||
r-devel-linux-x86_64-fedora-gcc | 0.3 | 87.57 | OK | |||
r-prerel-macos-arm64 | 0.3 | 23.00 | OK | |||
r-prerel-windows-x86_64 | 0.3 | 11.00 | 67.00 | 78.00 | OK | |
r-patched-linux-x86_64 | 0.3 | 7.82 | 61.36 | 69.18 | OK | |
r-release-linux-x86_64 | 0.3 | 8.27 | 63.54 | 71.81 | OK | |
r-release-macos-arm64 | 0.3 | 25.00 | OK | |||
r-release-macos-x86_64 | 0.3 | 39.00 | OK | |||
r-release-windows-x86_64 | 0.3 | 12.00 | 73.00 | 85.00 | OK | |
r-oldrel-macos-arm64 | 0.3 | 22.00 | OK | |||
r-oldrel-windows-x86_64 | 0.3 | 12.00 | 83.00 | 95.00 | OK |
Version: 0.3
Check: dependencies in R code
Result: NOTE
Fortran STOP
IEEE arithmetic exceptions signaled: INEXACT
Flavor: r-devel-linux-x86_64-debian-clang
Version: 0.3
Check: S3 generic/method consistency
Result: WARN
Fortran STOP
IEEE arithmetic exceptions signaled: INEXACT
See section ‘Generic functions and methods’ in the ‘Writing R
Extensions’ manual.
Flavor: r-devel-linux-x86_64-debian-clang
Version: 0.3
Check: replacement functions
Result: WARN
Fortran STOP
IEEE arithmetic exceptions signaled: INEXACT
The argument of a replacement function which corresponds to the right
hand side must be named ‘value’.
Flavor: r-devel-linux-x86_64-debian-clang
Version: 0.3
Check: foreign function calls
Result: NOTE
Fortran STOP
IEEE arithmetic exceptions signaled: INEXACT
See chapter ‘System and foreign language interfaces’ in the ‘Writing R
Extensions’ manual.
Flavor: r-devel-linux-x86_64-debian-clang
Version: 0.3
Check: R code for possible problems
Result: NOTE
Fortran STOP
IEEE arithmetic exceptions signaled: INEXACT
Fortran STOP
IEEE arithmetic exceptions signaled: INEXACT
Fortran STOP
IEEE arithmetic exceptions signaled: INEXACT
Flavor: r-devel-linux-x86_64-debian-clang
Version: 0.3
Check: for missing documentation entries
Result: WARN
Fortran STOP
IEEE arithmetic exceptions signaled: INEXACT
All user-level objects in a package should have documentation entries.
See chapter ‘Writing R documentation files’ in the ‘Writing R
Extensions’ manual.
Flavor: r-devel-linux-x86_64-debian-clang
Version: 0.3
Check: for code/documentation mismatches
Result: WARN
Fortran STOP
IEEE arithmetic exceptions signaled: INEXACT
Fortran STOP
IEEE arithmetic exceptions signaled: INEXACT
Fortran STOP
IEEE arithmetic exceptions signaled: INEXACT
Flavor: r-devel-linux-x86_64-debian-clang
Version: 0.3
Check: Rd \usage sections
Result: NOTE
Fortran STOP
IEEE arithmetic exceptions signaled: INEXACT
The \usage entries for S3 methods should use the \method markup and not
their full name.
See chapter ‘Writing R documentation files’ in the ‘Writing R
Extensions’ manual.
Flavor: r-devel-linux-x86_64-debian-clang