Last updated on 2024-08-16 01:48:29 CEST.
Flavor | Version | Tinstall | Tcheck | Ttotal | Status | Flags |
---|---|---|---|---|---|---|
r-devel-linux-x86_64-debian-clang | 4.6.9 | 305.15 | 508.01 | 813.16 | NOTE | |
r-devel-linux-x86_64-debian-gcc | 4.6.9 | 214.93 | 329.46 | 544.39 | NOTE | |
r-devel-linux-x86_64-fedora-clang | 4.6.9 | 1378.76 | NOTE | |||
r-devel-linux-x86_64-fedora-gcc | 4.6.9 | 1407.98 | NOTE | |||
r-devel-windows-x86_64 | 4.6.9 | 354.00 | 539.00 | 893.00 | NOTE | |
r-patched-linux-x86_64 | 4.6.9 | 310.29 | 472.72 | 783.01 | NOTE | |
r-release-linux-x86_64 | 4.6.9 | 309.52 | 485.70 | 795.22 | NOTE | |
r-release-macos-arm64 | 4.6.9 | 318.00 | NOTE | |||
r-release-macos-x86_64 | 4.6.9 | 757.00 | NOTE | |||
r-release-windows-x86_64 | 4.6.9 | 352.00 | 535.00 | 887.00 | NOTE | |
r-oldrel-macos-arm64 | 4.6.9 | 322.00 | NOTE | |||
r-oldrel-macos-x86_64 | 4.6.9 | 516.00 | NOTE | |||
r-oldrel-windows-x86_64 | 4.6.9 | 415.00 | 719.00 | 1134.00 | NOTE |
Version: 4.6.9
Check: for GNU extensions in Makefiles
Result: NOTE
GNU make is a SystemRequirements.
Flavors: r-devel-linux-x86_64-debian-clang, r-devel-linux-x86_64-debian-gcc, r-devel-linux-x86_64-fedora-clang, r-devel-linux-x86_64-fedora-gcc, r-devel-windows-x86_64, r-patched-linux-x86_64, r-release-linux-x86_64, r-release-macos-arm64, r-release-macos-x86_64, r-release-windows-x86_64, r-oldrel-macos-arm64, r-oldrel-macos-x86_64, r-oldrel-windows-x86_64
Version: 4.6.9
Check: installed package size
Result: NOTE
installed size is 5.2Mb
sub-directories of 1Mb or more:
R 1.5Mb
libs 1.9Mb
Flavors: r-devel-windows-x86_64, r-release-macos-arm64, r-release-macos-x86_64, r-release-windows-x86_64, r-oldrel-macos-arm64, r-oldrel-macos-x86_64, r-oldrel-windows-x86_64