CRAN Package Check Results for Package secr

Last updated on 2022-06-28 01:51:43 CEST.

Flavor Version Tinstall Tcheck Ttotal Status Flags
r-devel-linux-x86_64-debian-clang 4.5.5 408.56 608.19 1016.75 NOTE
r-devel-linux-x86_64-debian-gcc 4.5.5 343.43 449.29 792.72 NOTE
r-devel-linux-x86_64-fedora-clang 4.5.5 1333.44 NOTE
r-devel-linux-x86_64-fedora-gcc 4.5.5 1281.96 NOTE
r-devel-windows-x86_64 4.5.5 399.00 716.00 1115.00 NOTE
r-patched-linux-x86_64 4.5.5 392.14 575.49 967.63 NOTE
r-release-linux-x86_64 4.5.5 384.50 574.46 958.96 NOTE
r-release-macos-arm64 4.5.5 255.00 NOTE
r-release-macos-x86_64 4.5.5 408.00 NOTE
r-release-windows-x86_64 4.5.5 406.00 712.00 1118.00 NOTE
r-oldrel-macos-arm64 4.5.5 262.00 NOTE
r-oldrel-macos-x86_64 4.5.5 396.00 NOTE
r-oldrel-windows-ix86+x86_64 4.5.5 1016.00 1024.00 2040.00 NOTE

Check Details

Version: 4.5.5
Check: Rd files
Result: NOTE
    checkRd: (-1) detectfn.Rd:183: Escaped LaTeX specials: \&
    checkRd: (-1) sim.popn.Rd:25: Escaped LaTeX specials: \^
    checkRd: (-1) utility.Rd:47: Escaped LaTeX specials: \&
Flavors: r-devel-linux-x86_64-debian-clang, r-devel-linux-x86_64-debian-gcc, r-devel-linux-x86_64-fedora-clang, r-devel-linux-x86_64-fedora-gcc, r-devel-windows-x86_64

Version: 4.5.5
Check: for GNU extensions in Makefiles
Result: NOTE
    GNU make is a SystemRequirements.
Flavors: r-devel-linux-x86_64-debian-clang, r-devel-linux-x86_64-debian-gcc, r-devel-linux-x86_64-fedora-clang, r-devel-linux-x86_64-fedora-gcc, r-devel-windows-x86_64, r-patched-linux-x86_64, r-release-linux-x86_64, r-release-macos-arm64, r-release-macos-x86_64, r-release-windows-x86_64, r-oldrel-macos-arm64, r-oldrel-macos-x86_64, r-oldrel-windows-ix86+x86_64

Version: 4.5.5
Check: installed package size
Result: NOTE
     installed size is 15.9Mb
     sub-directories of 1Mb or more:
     R 1.5Mb
     libs 12.6Mb
Flavors: r-devel-linux-x86_64-fedora-clang, r-devel-windows-x86_64, r-release-macos-arm64, r-release-macos-x86_64, r-release-windows-x86_64, r-oldrel-macos-arm64, r-oldrel-macos-x86_64, r-oldrel-windows-ix86+x86_64