Last updated on 2024-03-29 01:51:18 CET.
Flavor | Version | Tinstall | Tcheck | Ttotal | Status | Flags |
---|---|---|---|---|---|---|
r-devel-linux-x86_64-debian-clang | 1.1.5 | 9.07 | 92.14 | 101.21 | OK | |
r-devel-linux-x86_64-debian-gcc | 1.1.5 | 6.75 | 69.20 | 75.95 | OK | |
r-devel-linux-x86_64-fedora-clang | 1.1.5 | 128.41 | OK | |||
r-devel-linux-x86_64-fedora-gcc | 1.1.5 | 131.08 | OK | |||
r-devel-windows-x86_64 | 1.1.5 | 8.00 | 86.00 | 94.00 | OK | |
r-patched-linux-x86_64 | 1.1.5 | 8.35 | 87.05 | 95.40 | OK | |
r-release-linux-x86_64 | 1.1.5 | 5.53 | 87.43 | 92.96 | OK | |
r-release-macos-arm64 | 1.1.5 | 58.00 | NOTE | |||
r-release-macos-x86_64 | 1.1.5 | 88.00 | NOTE | |||
r-release-windows-x86_64 | 1.1.5 | 10.00 | 96.00 | 106.00 | OK | |
r-oldrel-macos-arm64 | 1.1.5 | 59.00 | NOTE | |||
r-oldrel-windows-x86_64 | 1.1.5 | 11.00 | 100.00 | 111.00 | OK |
Version: 1.1.5
Check: package dependencies
Result: NOTE
Package suggested but not available for checking: ‘ArrayExpress’
Flavors: r-release-macos-arm64, r-oldrel-macos-arm64
Version: 1.1.5
Check: Rd cross-references
Result: NOTE
Package unavailable to check Rd xrefs: ‘ArrayExpress’
Flavors: r-release-macos-arm64, r-release-macos-x86_64, r-oldrel-macos-arm64
Version: 1.1.5
Check: package dependencies
Result: NOTE
Packages suggested but not available for checking:
'ArrayExpress', 'org.Mm.eg.db'
Flavor: r-release-macos-x86_64