CRAN Package Check Results for Package seer

Last updated on 2022-05-24 01:50:03 CEST.

Flavor Version Tinstall Tcheck Ttotal Status Flags
r-devel-linux-x86_64-debian-clang 1.1.7 9.82 129.36 139.18 OK
r-devel-linux-x86_64-debian-gcc 1.1.7 9.10 94.84 103.94 OK
r-devel-linux-x86_64-fedora-clang 1.1.7 162.91 NOTE
r-devel-linux-x86_64-fedora-gcc 1.1.7 159.42 NOTE
r-devel-windows-x86_64 1.1.7 33.00 140.00 173.00 OK
r-patched-linux-x86_64 1.1.7 7.59 123.67 131.26 OK
r-release-linux-x86_64 1.1.7 OK
r-release-macos-arm64 1.1.7 42.00 NOTE
r-release-macos-x86_64 1.1.7 75.00 NOTE
r-release-windows-x86_64 1.1.7 29.00 140.00 169.00 OK
r-oldrel-macos-arm64 1.1.7 44.00 NOTE
r-oldrel-macos-x86_64 1.1.7 60.00 NOTE
r-oldrel-windows-ix86+x86_64 1.1.7 24.00 141.00 165.00 OK

Check Details

Version: 1.1.7
Check: dependencies in R code
Result: NOTE
    Namespace in Imports field not imported from: ‘MASS’
     All declared Imports should be used.
Flavors: r-devel-linux-x86_64-fedora-clang, r-devel-linux-x86_64-fedora-gcc, r-release-macos-arm64, r-release-macos-x86_64, r-oldrel-macos-arm64, r-oldrel-macos-x86_64