Last updated on 2025-04-30 02:50:51 CEST.
Flavor | Version | Tinstall | Tcheck | Ttotal | Status | Flags |
---|---|---|---|---|---|---|
r-devel-linux-x86_64-debian-clang | 0.7.2 | 15.97 | 138.22 | 154.19 | NOTE | |
r-devel-linux-x86_64-debian-gcc | 0.7.2 | 11.11 | 96.81 | 107.92 | NOTE | |
r-devel-linux-x86_64-fedora-clang | 0.7.2 | 252.99 | OK | |||
r-devel-linux-x86_64-fedora-gcc | 0.7.2 | 263.12 | OK | |||
r-devel-windows-x86_64 | 0.7.2 | 18.00 | 144.00 | 162.00 | OK | |
r-patched-linux-x86_64 | 0.7.2 | 16.63 | 128.84 | 145.47 | OK | |
r-release-linux-x86_64 | 0.7.2 | 14.83 | 127.77 | 142.60 | OK | |
r-release-macos-arm64 | 0.7.2 | 87.00 | OK | |||
r-release-macos-x86_64 | 0.7.2 | 183.00 | OK | |||
r-release-windows-x86_64 | 0.7.2 | 17.00 | 143.00 | 160.00 | OK | |
r-oldrel-macos-arm64 | 0.7.2 | 75.00 | OK | |||
r-oldrel-macos-x86_64 | 0.7.2 | 157.00 | OK | |||
r-oldrel-windows-x86_64 | 0.7.2 | 21.00 | 188.00 | 209.00 | OK |
Version: 0.7.2
Check: examples
Result: NOTE
Examples with CPU (user + system) or elapsed time > 5s
user system elapsed
predEff 6.014 0.027 7.521
R2 5.992 0.033 6.413
Flavor: r-devel-linux-x86_64-debian-clang
Version: 0.7.2
Check: examples
Result: NOTE
Examples with CPU (user + system) or elapsed time > 5s
user system elapsed
R2 3.74 0.027 6.653
Flavor: r-devel-linux-x86_64-debian-gcc