Last updated on 2024-03-28 01:54:10 CET.
Flavor | Version | Tinstall | Tcheck | Ttotal | Status | Flags |
---|---|---|---|---|---|---|
r-devel-linux-x86_64-debian-clang | 0.9.19 | 15.55 | 662.40 | 677.95 | OK | |
r-devel-linux-x86_64-debian-gcc | 0.9.19 | 17.16 | 513.92 | 531.08 | OK | |
r-devel-linux-x86_64-fedora-clang | 0.9.19 | 817.87 | OK | |||
r-devel-linux-x86_64-fedora-gcc | 0.9.19 | 791.17 | OK | |||
r-devel-windows-x86_64 | 0.9.19 | 17.00 | 389.00 | 406.00 | OK | |
r-patched-linux-x86_64 | 0.9.19 | 0.49 | 1.93 | 2.42 | ERROR | |
r-release-linux-x86_64 | 0.9.19 | 0.51 | 1.91 | 2.42 | ERROR | |
r-release-macos-arm64 | 0.9.19 | 188.00 | OK | |||
r-release-macos-x86_64 | 0.9.19 | 485.00 | OK | |||
r-release-windows-x86_64 | 0.9.19 | 24.00 | 560.00 | 584.00 | OK | |
r-oldrel-macos-arm64 | 0.9.19 | 191.00 | OK | |||
r-oldrel-windows-x86_64 | 0.9.19 | 26.00 | 583.00 | 609.00 | OK |
Version: 0.9.19
Check: package dependencies
Result: ERROR
Package required but not available: ‘ctsemOMX’
See section ‘The DESCRIPTION file’ in the ‘Writing R Extensions’
manual.
Flavors: r-patched-linux-x86_64, r-release-linux-x86_64