Last updated on 2025-10-07 01:48:46 CEST.
Flavor | Version | Tinstall | Tcheck | Ttotal | Status | Flags |
---|---|---|---|---|---|---|
r-devel-linux-x86_64-debian-clang | 1.4-0 | 1.87 | 26.45 | 28.32 | NOTE | |
r-devel-linux-x86_64-debian-gcc | 1.4-0 | 1.48 | 21.42 | 22.90 | NOTE | |
r-devel-linux-x86_64-fedora-clang | 1.4-0 | 40.80 | NOTE | |||
r-devel-linux-x86_64-fedora-gcc | 1.4-0 | 52.36 | NOTE | |||
r-devel-windows-x86_64 | 1.4-0 | 3.00 | 46.00 | 49.00 | NOTE | |
r-patched-linux-x86_64 | 1.4-0 | 1.89 | 23.75 | 25.64 | NOTE | |
r-release-linux-x86_64 | 1.4-0 | 1.81 | 23.60 | 25.41 | NOTE | |
r-release-macos-arm64 | 1.4-0 | 21.00 | NOTE | |||
r-release-macos-x86_64 | 1.4-0 | 42.00 | NOTE | |||
r-release-windows-x86_64 | 1.4-0 | 3.00 | 46.00 | 49.00 | NOTE | |
r-oldrel-macos-arm64 | 1.4-0 | 26.00 | NOTE | |||
r-oldrel-macos-x86_64 | 1.4-0 | 34.00 | NOTE | |||
r-oldrel-windows-x86_64 | 1.4-0 | 4.00 | 54.00 | 58.00 | NOTE |
Version: 1.4-0
Check: Rd files
Result: NOTE
checkRd: (-1) sendmail_options.Rd:32-35: Lost braces in \itemize; meant \describe ?
checkRd: (-1) sendmail_options.Rd:36-37: Lost braces in \itemize; meant \describe ?
checkRd: (-1) sendmail_options.Rd:38-39: Lost braces in \itemize; meant \describe ?
Flavors: r-devel-linux-x86_64-debian-clang, r-devel-linux-x86_64-debian-gcc, r-devel-linux-x86_64-fedora-clang, r-devel-linux-x86_64-fedora-gcc, r-devel-windows-x86_64, r-patched-linux-x86_64, r-release-linux-x86_64, r-release-macos-arm64, r-release-macos-x86_64, r-release-windows-x86_64, r-oldrel-macos-arm64, r-oldrel-macos-x86_64, r-oldrel-windows-x86_64