CRAN Package Check Results for Package senstrat

Last updated on 2025-05-09 01:50:18 CEST.

Flavor Version Tinstall Tcheck Ttotal Status Flags
r-devel-linux-x86_64-debian-clang 1.0.3 2.29 26.21 28.50 NOTE
r-devel-linux-x86_64-debian-gcc 1.0.3 1.70 20.02 21.72 NOTE
r-devel-linux-x86_64-fedora-clang 1.0.3 44.41 OK
r-devel-linux-x86_64-fedora-gcc 1.0.3 44.21 OK
r-devel-windows-x86_64 1.0.3 3.00 46.00 49.00 OK
r-patched-linux-x86_64 1.0.3 2.30 24.79 27.09 OK
r-release-linux-x86_64 1.0.3 1.99 25.20 27.19 OK
r-release-macos-arm64 1.0.3 32.00 OK
r-release-macos-x86_64 1.0.3 33.00 OK
r-release-windows-x86_64 1.0.3 5.00 47.00 52.00 OK
r-oldrel-macos-arm64 1.0.3 18.00 OK
r-oldrel-macos-x86_64 1.0.3 27.00 OK
r-oldrel-windows-x86_64 1.0.3 3.00 53.00 56.00 OK

Check Details

Version: 1.0.3
Check: CRAN incoming feasibility
Result: NOTE Maintainer: ‘Paul R. Rosenbaum <rosenbaum@wharton.upenn.edu>’ No Authors@R field in DESCRIPTION. Please add one, modifying Authors@R: person(given = c("Paul", "R."), family = "Rosenbaum", role = c("aut", "cre"), email = "rosenbaum@wharton.upenn.edu") as necessary. Flavors: r-devel-linux-x86_64-debian-clang, r-devel-linux-x86_64-debian-gcc