Last updated on 2024-05-05 01:55:33 CEST.
Flavor | Version | Tinstall | Tcheck | Ttotal | Status | Flags |
---|---|---|---|---|---|---|
r-devel-linux-x86_64-debian-clang | 0.0.1 | 2.95 | 26.11 | 29.06 | OK | |
r-devel-linux-x86_64-debian-gcc | 0.0.1 | 3.04 | 20.53 | 23.57 | OK | |
r-devel-linux-x86_64-fedora-clang | 0.0.1 | 38.42 | NOTE | |||
r-devel-linux-x86_64-fedora-gcc | 0.0.1 | 35.80 | NOTE | |||
r-devel-windows-x86_64 | 0.0.1 | 3.00 | 44.00 | 47.00 | OK | |
r-patched-linux-x86_64 | 0.0.1 | 2.97 | 24.41 | 27.38 | OK | |
r-release-linux-x86_64 | 0.0.1 | 3.51 | 24.73 | 28.24 | OK | |
r-release-macos-arm64 | 0.0.1 | 16.00 | OK | |||
r-release-windows-x86_64 | 0.0.1 | 4.00 | 41.00 | 45.00 | OK | |
r-oldrel-macos-arm64 | 0.0.1 | 17.00 | OK | |||
r-oldrel-macos-x86_64 | 0.0.1 | 25.00 | OK | |||
r-oldrel-windows-x86_64 | 0.0.1 | 4.00 | 44.00 | 48.00 | OK |
Version: 0.0.1
Check: data for non-ASCII characters
Result: NOTE
Note: found 52 marked UTF-8 strings
Flavors: r-devel-linux-x86_64-fedora-clang, r-devel-linux-x86_64-fedora-gcc