Last updated on 2024-04-18 01:55:34 CEST.
Flavor | Version | Tinstall | Tcheck | Ttotal | Status | Flags |
---|---|---|---|---|---|---|
r-devel-linux-x86_64-debian-clang | 0.1.1 | 8.76 | 82.33 | 91.09 | OK | |
r-devel-linux-x86_64-debian-gcc | 0.1.1 | 7.20 | 61.73 | 68.93 | OK | |
r-devel-linux-x86_64-fedora-clang | 0.1.1 | 117.69 | OK | |||
r-devel-linux-x86_64-fedora-gcc | 0.1.1 | 127.71 | OK | |||
r-prerel-macos-arm64 | 0.1.1 | 41.00 | OK | |||
r-prerel-windows-x86_64 | 0.1.1 | 8.00 | 76.00 | 84.00 | OK | |
r-patched-linux-x86_64 | 0.1.1 | 12.63 | 78.92 | 91.55 | OK | |
r-release-linux-x86_64 | 0.1.1 | 8.63 | 79.40 | 88.03 | OK | |
r-release-macos-arm64 | 0.1.1 | 42.00 | OK | |||
r-release-macos-x86_64 | 0.1.1 | 70.00 | NOTE | |||
r-release-windows-x86_64 | 0.1.1 | 11.00 | 93.00 | 104.00 | OK | |
r-oldrel-macos-arm64 | 0.1.1 | 41.00 | OK | |||
r-oldrel-windows-x86_64 | 0.1.1 | 10.00 | 99.00 | 109.00 | OK |
Version: 0.1.1
Check: package dependencies
Result: NOTE
Packages suggested but not available for checking:
'FactoMineR', 'descriptio'
Flavor: r-release-macos-x86_64