CRAN Package Check Results for Package seriation

Last updated on 2020-01-24 23:50:51 CET.

Flavor Version Tinstall Tcheck Ttotal Status Flags
r-devel-linux-x86_64-debian-clang 1.2-8 15.00 96.83 111.83 OK
r-devel-linux-x86_64-debian-gcc 1.2-8 10.95 73.78 84.73 OK
r-devel-linux-x86_64-fedora-clang 1.2-8 136.30 WARN
r-devel-linux-x86_64-fedora-gcc 1.2-8 132.20 OK
r-devel-windows-ix86+x86_64 1.2-8 64.00 230.00 294.00 OK
r-devel-windows-ix86+x86_64-gcc8 1.2-8 54.00 176.00 230.00 OK
r-patched-linux-x86_64 1.2-8 10.73 86.87 97.60 OK
r-patched-solaris-x86 1.2-8 181.60 OK
r-release-linux-x86_64 1.2-8 9.20 87.14 96.34 OK
r-release-windows-ix86+x86_64 1.2-8 31.00 197.00 228.00 OK
r-release-osx-x86_64 1.2-8 OK
r-oldrel-windows-ix86+x86_64 1.2-8 29.00 153.00 182.00 OK
r-oldrel-osx-x86_64 1.2-8 OK

Check Details

Version: 1.2-8
Check: package dependencies
Result: WARN
    Requires orphaned package: ‘gplots’
    
    Suggests orphaned package: ‘biclust’
Flavor: r-devel-linux-x86_64-fedora-clang