CRAN Package Check Results for Package setter

Last updated on 2022-06-30 01:49:19 CEST.

Flavor Version Tinstall Tcheck Ttotal Status Flags
r-devel-linux-x86_64-debian-clang 0.0-1 2.08 23.84 25.92 NOTE
r-devel-linux-x86_64-debian-gcc 0.0-1 1.67 19.10 20.77 NOTE
r-devel-linux-x86_64-fedora-clang 0.0-1 42.20 NOTE
r-devel-linux-x86_64-fedora-gcc 0.0-1 42.19 NOTE
r-devel-windows-x86_64 0.0-1 13.00 49.00 62.00 NOTE
r-patched-linux-x86_64 0.0-1 1.70 23.78 25.48 NOTE
r-release-linux-x86_64 0.0-1 2.07 23.55 25.62 NOTE
r-release-macos-arm64 0.0-1 18.00 NOTE
r-release-macos-x86_64 0.0-1 20.00 NOTE
r-release-windows-x86_64 0.0-1 10.00 48.00 58.00 NOTE
r-oldrel-macos-arm64 0.0-1 21.00 NOTE
r-oldrel-macos-x86_64 0.0-1 30.00 NOTE
r-oldrel-windows-ix86+x86_64 0.0-1 5.00 44.00 49.00 NOTE

Check Details

Version: 0.0-1
Check: LazyData
Result: NOTE
     'LazyData' is specified without a 'data' directory
Flavors: r-devel-linux-x86_64-debian-clang, r-devel-linux-x86_64-debian-gcc, r-devel-linux-x86_64-fedora-clang, r-devel-linux-x86_64-fedora-gcc, r-devel-windows-x86_64, r-patched-linux-x86_64, r-release-linux-x86_64, r-release-macos-arm64, r-release-macos-x86_64, r-release-windows-x86_64, r-oldrel-macos-arm64, r-oldrel-macos-x86_64, r-oldrel-windows-ix86+x86_64