Last updated on 2024-04-19 01:59:00 CEST.
Flavor | Version | Tinstall | Tcheck | Ttotal | Status | Flags |
---|---|---|---|---|---|---|
r-devel-linux-x86_64-debian-clang | 0.4.4 | 144.55 | 51.97 | 196.52 | OK | |
r-devel-linux-x86_64-debian-gcc | 0.4.4 | 117.46 | 38.35 | 155.81 | OK | |
r-devel-linux-x86_64-fedora-clang | 0.4.4 | 273.62 | OK | |||
r-devel-linux-x86_64-fedora-gcc | 0.4.4 | 293.72 | OK | |||
r-prerel-macos-arm64 | 0.4.4 | 57.00 | NOTE | |||
r-prerel-windows-x86_64 | 0.4.4 | 109.00 | 83.00 | 192.00 | OK | |
r-patched-linux-x86_64 | 0.4.4 | 162.96 | 47.04 | 210.00 | OK | |
r-release-linux-x86_64 | 0.4.4 | 145.38 | 48.62 | 194.00 | OK | |
r-release-macos-arm64 | 0.4.4 | 66.00 | NOTE | |||
r-release-macos-x86_64 | 0.4.4 | 100.00 | NOTE | |||
r-release-windows-x86_64 | 0.4.4 | 134.00 | 106.00 | 240.00 | OK | |
r-oldrel-macos-arm64 | 0.4.4 | 61.00 | NOTE | |||
r-oldrel-windows-x86_64 | 0.4.4 | 122.00 | 100.00 | 222.00 | OK |
Version: 0.4.4
Check: installed package size
Result: NOTE
installed size is 8.0Mb
sub-directories of 1Mb or more:
libs 7.4Mb
Flavors: r-prerel-macos-arm64, r-release-macos-arm64, r-release-macos-x86_64, r-oldrel-macos-arm64