Last updated on 2025-05-19 01:50:07 CEST.
Flavor | Version | Tinstall | Tcheck | Ttotal | Status | Flags |
---|---|---|---|---|---|---|
r-devel-linux-x86_64-debian-clang | 0.1.2 | 4.33 | 34.54 | 38.87 | OK | |
r-devel-linux-x86_64-debian-gcc | 0.1.2 | 3.59 | 28.13 | 31.72 | OK | |
r-devel-linux-x86_64-fedora-clang | 0.1.2 | 60.36 | OK | |||
r-devel-linux-x86_64-fedora-gcc | 0.1.2 | 72.48 | OK | |||
r-devel-windows-x86_64 | 0.1.2 | 5.00 | 63.00 | 68.00 | OK | |
r-patched-linux-x86_64 | 0.1.2 | 4.56 | 32.64 | 37.20 | OK | |
r-release-linux-x86_64 | 0.1.2 | 4.49 | 32.85 | 37.34 | OK | |
r-release-macos-arm64 | 0.1.2 | 33.00 | OK | |||
r-release-macos-x86_64 | 0.1.2 | 59.00 | OK | |||
r-release-windows-x86_64 | 0.1.2 | 6.00 | 60.00 | 66.00 | OK | |
r-oldrel-macos-arm64 | 0.1.2 | 31.00 | NOTE | |||
r-oldrel-macos-x86_64 | 0.1.2 | 64.00 | NOTE | |||
r-oldrel-windows-x86_64 | 0.1.2 | 6.00 | 66.00 | 72.00 | NOTE |
Version: 0.1.2
Check: installed package size
Result: NOTE
installed size is 5.8Mb
sub-directories of 1Mb or more:
doc 5.1Mb
Flavors: r-oldrel-macos-arm64, r-oldrel-macos-x86_64, r-oldrel-windows-x86_64