CRAN Package Check Results for Package sgat

Last updated on 2022-08-12 01:50:15 CEST.

Flavor Version Tinstall Tcheck Ttotal Status Flags
r-devel-linux-x86_64-debian-clang 0.9 2.00 29.63 31.63 NOTE
r-devel-linux-x86_64-debian-gcc 0.9 1.60 23.07 24.67 NOTE
r-devel-linux-x86_64-fedora-clang 0.9 52.89 NOTE
r-devel-linux-x86_64-fedora-gcc 0.9 51.11 NOTE
r-devel-windows-x86_64 0.9 10.00 62.00 72.00 NOTE
r-patched-linux-x86_64 0.9 2.28 28.31 30.59 NOTE
r-release-linux-x86_64 0.9 2.01 29.03 31.04 NOTE
r-release-macos-arm64 0.9 23.00 NOTE
r-release-macos-x86_64 0.9 37.00 NOTE
r-release-windows-x86_64 0.9 9.00 62.00 71.00 NOTE
r-oldrel-macos-arm64 0.9 27.00 NOTE
r-oldrel-macos-x86_64 0.9 34.00 NOTE
r-oldrel-windows-ix86+x86_64 0.9 7.00 59.00 66.00 NOTE

Check Details

Version: 0.9
Check: LazyData
Result: NOTE
     'LazyData' is specified without a 'data' directory
Flavors: r-devel-linux-x86_64-debian-clang, r-devel-linux-x86_64-debian-gcc, r-devel-linux-x86_64-fedora-clang, r-devel-linux-x86_64-fedora-gcc, r-devel-windows-x86_64, r-patched-linux-x86_64, r-release-linux-x86_64, r-release-macos-arm64, r-release-macos-x86_64, r-release-windows-x86_64, r-oldrel-macos-arm64, r-oldrel-macos-x86_64, r-oldrel-windows-ix86+x86_64

Version: 0.9
Check: dependencies in R code
Result: NOTE
    Namespace in Imports field not imported from: ‘plyr’
     All declared Imports should be used.
Flavors: r-devel-linux-x86_64-fedora-clang, r-devel-linux-x86_64-fedora-gcc, r-release-macos-arm64, r-release-macos-x86_64, r-oldrel-macos-arm64, r-oldrel-macos-x86_64