Last updated on 2025-05-05 01:51:03 CEST.
Flavor | Version | Tinstall | Tcheck | Ttotal | Status | Flags |
---|---|---|---|---|---|---|
r-devel-linux-x86_64-debian-clang | 1.3.1 | 2.21 | 24.36 | 26.57 | NOTE | |
r-devel-linux-x86_64-debian-gcc | 1.3.1 | 1.69 | 19.88 | 21.57 | NOTE | |
r-devel-linux-x86_64-fedora-clang | 1.3.1 | 43.86 | OK | |||
r-devel-linux-x86_64-fedora-gcc | 1.3.1 | 40.07 | OK | |||
r-devel-windows-x86_64 | 1.3.1 | 3.00 | 47.00 | 50.00 | OK | |
r-patched-linux-x86_64 | 1.3.1 | 2.71 | 23.73 | 26.44 | OK | |
r-release-linux-x86_64 | 1.3.1 | 2.25 | 23.42 | 25.67 | OK | |
r-release-macos-arm64 | 1.3.1 | 17.00 | OK | |||
r-release-macos-x86_64 | 1.3.1 | 29.00 | OK | |||
r-release-windows-x86_64 | 1.3.1 | 3.00 | 49.00 | 52.00 | OK | |
r-oldrel-macos-arm64 | 1.3.1 | 17.00 | OK | |||
r-oldrel-macos-x86_64 | 1.3.1 | 25.00 | OK | |||
r-oldrel-windows-x86_64 | 1.3.1 | 3.00 | 51.00 | 54.00 | OK |
Version: 1.3.1
Check: CRAN incoming feasibility
Result: NOTE
Maintainer: ‘Massimiliano Pastore <massimiliano.pastore@unipd.it>’
No Authors@R field in DESCRIPTION.
Please add one, modifying
Authors@R: c(person(given = c("Massimiliano", "Pastore", "&", "Luigi"),
family = "Lombardi",
role = "aut"),
person(given = "Massimiliano",
family = "Pastore",
role = "cre",
email = "massimiliano.pastore@unipd.it"))
as necessary.
Package CITATION file contains call(s) to old-style citEntry(). Please
use bibentry() instead.
Flavors: r-devel-linux-x86_64-debian-clang, r-devel-linux-x86_64-debian-gcc