Last updated on 2024-04-17 01:49:57 CEST.
Flavor | Version | Tinstall | Tcheck | Ttotal | Status | Flags |
---|---|---|---|---|---|---|
r-devel-linux-x86_64-debian-clang | 2.3 | 19.23 | 169.54 | 188.77 | NOTE | |
r-devel-linux-x86_64-debian-gcc | 2.3 | 13.83 | 125.71 | 139.54 | NOTE | |
r-devel-linux-x86_64-fedora-clang | 2.3 | 245.07 | NOTE | |||
r-devel-linux-x86_64-fedora-gcc | 2.3 | 251.75 | NOTE | |||
r-prerel-macos-arm64 | 2.3 | 70.00 | NOTE | |||
r-prerel-macos-x86_64 | 2.3 | 186.00 | NOTE | |||
r-prerel-windows-x86_64 | 2.3 | 19.00 | 140.00 | 159.00 | NOTE | |
r-patched-linux-x86_64 | 2.3 | 20.24 | 162.04 | 182.28 | NOTE | |
r-release-linux-x86_64 | 2.3 | 17.46 | 167.79 | 185.25 | NOTE | |
r-release-macos-arm64 | 2.3 | 78.00 | NOTE | |||
r-release-macos-x86_64 | 2.3 | 139.00 | NOTE | |||
r-release-windows-x86_64 | 2.3 | 23.00 | 176.00 | 199.00 | NOTE | |
r-oldrel-macos-arm64 | 2.3 | 72.00 | NOTE | |||
r-oldrel-windows-x86_64 | 2.3 | 17.00 | 166.00 | 183.00 | NOTE |
Version: 2.3
Check: package dependencies
Result: NOTE
Package suggested but not available for checking: ‘hydromad’
Flavors: r-devel-linux-x86_64-debian-clang, r-devel-linux-x86_64-debian-gcc, r-devel-linux-x86_64-fedora-clang, r-devel-linux-x86_64-fedora-gcc, r-prerel-macos-arm64, r-prerel-macos-x86_64, r-prerel-windows-x86_64, r-patched-linux-x86_64, r-release-linux-x86_64, r-release-macos-arm64, r-release-macos-x86_64, r-release-windows-x86_64, r-oldrel-macos-arm64, r-oldrel-windows-x86_64