CRAN Package Check Results for Package sharpshootR

Last updated on 2022-06-26 01:49:01 CEST.

Flavor Version Tinstall Tcheck Ttotal Status Flags
r-devel-linux-x86_64-debian-clang 1.9 19.95 195.23 215.18 NOTE
r-devel-linux-x86_64-debian-gcc 1.9 18.23 144.49 162.72 NOTE
r-devel-linux-x86_64-fedora-clang 1.9 261.82 NOTE
r-devel-linux-x86_64-fedora-gcc 1.9 257.15 NOTE
r-devel-windows-x86_64 1.9 98.00 209.00 307.00 NOTE
r-patched-linux-x86_64 1.9 26.83 181.94 208.77 NOTE
r-release-linux-x86_64 1.9 15.88 180.83 196.71 NOTE
r-release-macos-arm64 1.9 116.00 NOTE
r-release-macos-x86_64 1.9 205.00 NOTE
r-release-windows-x86_64 1.9 88.00 207.00 295.00 NOTE
r-oldrel-macos-arm64 1.9 115.00 NOTE
r-oldrel-macos-x86_64 1.9 158.00 NOTE
r-oldrel-windows-ix86+x86_64 1.9 42.00 210.00 252.00 NOTE

Check Details

Version: 1.9
Check: package dependencies
Result: NOTE
    Package suggested but not available for checking: 'hydromad'
Flavors: r-devel-linux-x86_64-debian-clang, r-devel-linux-x86_64-debian-gcc, r-devel-linux-x86_64-fedora-clang, r-devel-linux-x86_64-fedora-gcc, r-devel-windows-x86_64, r-patched-linux-x86_64, r-release-linux-x86_64, r-release-macos-arm64, r-release-macos-x86_64, r-release-windows-x86_64, r-oldrel-macos-arm64, r-oldrel-macos-x86_64, r-oldrel-windows-ix86+x86_64