Last updated on 2025-05-03 01:51:15 CEST.
Flavor | Version | Tinstall | Tcheck | Ttotal | Status | Flags |
---|---|---|---|---|---|---|
r-devel-linux-x86_64-debian-clang | 1.5 | 2.89 | 31.53 | 34.42 | NOTE | |
r-devel-linux-x86_64-debian-gcc | 1.5 | 2.14 | 25.39 | 27.53 | NOTE | |
r-devel-linux-x86_64-fedora-clang | 1.5 | 56.05 | NOTE | |||
r-devel-linux-x86_64-fedora-gcc | 1.5 | 68.07 | NOTE | |||
r-devel-windows-x86_64 | 1.5 | 7.00 | 60.00 | 67.00 | NOTE | |
r-patched-linux-x86_64 | 1.5 | 2.87 | 30.10 | 32.97 | NOTE | |
r-release-linux-x86_64 | NOTE | |||||
r-release-macos-arm64 | 1.5 | 36.00 | NOTE | |||
r-release-macos-x86_64 | 1.5 | 58.00 | NOTE | |||
r-release-windows-x86_64 | 1.5 | 7.00 | 59.00 | 66.00 | NOTE | |
r-oldrel-macos-arm64 | 1.5 | 31.00 | NOTE | |||
r-oldrel-macos-x86_64 | 1.5 | 49.00 | NOTE | |||
r-oldrel-windows-x86_64 | 1.5 | 6.00 | 68.00 | 74.00 | NOTE |
Version: 1.5
Check: Rd files
Result: NOTE
checkRd: (-1) shiftrPrepare.Rd:37: Lost braces
37 | See code{\link{shiftrPermBinary}} function and the respective example.
| ^
Flavors: r-devel-linux-x86_64-debian-clang, r-devel-linux-x86_64-debian-gcc, r-devel-linux-x86_64-fedora-clang, r-devel-linux-x86_64-fedora-gcc, r-devel-windows-x86_64, r-patched-linux-x86_64, r-release-linux-x86_64, r-release-macos-arm64, r-release-macos-x86_64, r-release-windows-x86_64, r-oldrel-macos-arm64, r-oldrel-macos-x86_64, r-oldrel-windows-x86_64