Last updated on 2023-06-06 01:54:15 CEST.
Flavor | Version | Tinstall | Tcheck | Ttotal | Status | Flags |
---|---|---|---|---|---|---|
r-devel-linux-x86_64-debian-clang | 0.1.0 | 7.71 | 75.40 | 83.11 | OK | |
r-devel-linux-x86_64-debian-gcc | 0.1.0 | 5.22 | 57.20 | 62.42 | OK | |
r-devel-linux-x86_64-fedora-clang | 0.1.0 | 102.93 | NOTE | |||
r-devel-linux-x86_64-fedora-gcc | 0.1.0 | 95.45 | NOTE | |||
r-devel-windows-x86_64 | 0.1.0 | 8.00 | 77.00 | 85.00 | OK | |
r-patched-linux-x86_64 | 0.1.0 | 8.41 | 72.98 | 81.39 | OK | |
r-release-linux-x86_64 | 0.1.0 | 5.70 | 73.94 | 79.64 | OK | |
r-release-macos-arm64 | 0.1.0 | 33.00 | OK | |||
r-release-macos-x86_64 | 0.1.0 | 54.00 | OK | |||
r-release-windows-x86_64 | 0.1.0 | 11.00 | 87.00 | 98.00 | OK | |
r-oldrel-macos-arm64 | 0.1.0 | 32.00 | NOTE | |||
r-oldrel-macos-x86_64 | 0.1.0 | 55.00 | NOTE | |||
r-oldrel-windows-x86_64 | 0.1.0 | 10.00 | 92.00 | 102.00 | OK |
Version: 0.1.0
Check: dependencies in R code
Result: NOTE
Namespace in Imports field not imported from: ‘utils’
All declared Imports should be used.
Flavors: r-devel-linux-x86_64-fedora-clang, r-devel-linux-x86_64-fedora-gcc, r-oldrel-macos-arm64, r-oldrel-macos-x86_64