CRAN Package Check Results for Package shiny.reglog

Last updated on 2022-07-03 01:49:05 CEST.

Flavor Version Tinstall Tcheck Ttotal Status Flags
r-devel-linux-x86_64-debian-clang 0.5.0 13.34 86.51 99.85 OK
r-devel-linux-x86_64-debian-gcc 0.5.0 11.69 63.40 75.09 OK
r-devel-linux-x86_64-fedora-clang 0.5.0 126.25 OK
r-devel-linux-x86_64-fedora-gcc 0.5.0 123.30 OK
r-devel-windows-x86_64 0.5.0 83.00 112.00 195.00 OK
r-patched-linux-x86_64 0.5.0 13.04 80.71 93.75 OK
r-release-linux-x86_64 0.5.0 12.51 80.81 93.32 OK
r-release-macos-arm64 0.5.0 40.00 OK
r-release-macos-x86_64 0.5.0 6.00 ERROR
r-release-windows-x86_64 0.5.0 78.00 117.00 195.00 OK
r-oldrel-macos-arm64 0.5.0 33.00 OK
r-oldrel-macos-x86_64 0.5.0 50.00 OK
r-oldrel-windows-ix86+x86_64 0.5.0 28.00 113.00 141.00 OK

Check Details

Version: 0.5.0
Check: package dependencies
Result: ERROR
    Package required but not available: ‘scrypt’
    
    See section ‘The DESCRIPTION file’ in the ‘Writing R Extensions’
    manual.
Flavor: r-release-macos-x86_64