Last updated on 2024-08-16 01:48:30 CEST.
Flavor | Version | Tinstall | Tcheck | Ttotal | Status | Flags |
---|---|---|---|---|---|---|
r-devel-linux-x86_64-debian-clang | 1.2.0 | 4.82 | 36.08 | 40.90 | OK | |
r-devel-linux-x86_64-debian-gcc | 1.2.0 | 3.52 | 26.63 | 30.15 | OK | |
r-devel-linux-x86_64-fedora-clang | 1.2.0 | 63.41 | NOTE | |||
r-devel-linux-x86_64-fedora-gcc | 1.2.0 | 58.95 | OK | |||
r-devel-windows-x86_64 | 1.2.0 | 7.00 | 53.00 | 60.00 | NOTE | |
r-patched-linux-x86_64 | 1.2.0 | 4.09 | 34.08 | 38.17 | OK | |
r-release-linux-x86_64 | 1.2.0 | 4.14 | 34.21 | 38.35 | OK | |
r-release-macos-arm64 | 1.2.0 | 24.00 | NOTE | |||
r-release-macos-x86_64 | 1.2.0 | 34.00 | NOTE | |||
r-release-windows-x86_64 | 1.2.0 | 8.00 | 53.00 | 61.00 | NOTE | |
r-oldrel-macos-arm64 | 1.2.0 | 26.00 | NOTE | |||
r-oldrel-macos-x86_64 | 1.2.0 | 40.00 | NOTE | |||
r-oldrel-windows-x86_64 | 1.2.0 | 8.00 | 60.00 | 68.00 | NOTE |
Version: 1.2.0
Check: installed package size
Result: NOTE
installed size is 7.8Mb
sub-directories of 1Mb or more:
www 7.6Mb
Flavors: r-devel-linux-x86_64-fedora-clang, r-devel-windows-x86_64, r-release-macos-arm64, r-release-macos-x86_64, r-release-windows-x86_64, r-oldrel-macos-arm64, r-oldrel-macos-x86_64, r-oldrel-windows-x86_64