Last updated on 2025-11-02 02:50:56 CET.
| Flavor | Version | Tinstall | Tcheck | Ttotal | Status | Flags |
|---|---|---|---|---|---|---|
| r-devel-linux-x86_64-debian-clang | 0.1.3 | 3.05 | 32.06 | 35.11 | OK | |
| r-devel-linux-x86_64-debian-gcc | 0.1.3 | 2.45 | 24.83 | 27.28 | OK | |
| r-devel-linux-x86_64-fedora-clang | 0.1.3 | 51.67 | OK | |||
| r-devel-linux-x86_64-fedora-gcc | 0.1.3 | 51.42 | OK | |||
| r-devel-windows-x86_64 | 0.1.3 | 5.00 | 53.00 | 58.00 | OK | |
| r-patched-linux-x86_64 | 0.1.3 | 3.13 | 30.53 | 33.66 | OK | |
| r-release-linux-x86_64 | 0.1.3 | 2.92 | 30.23 | 33.15 | OK | |
| r-release-macos-arm64 | 0.1.3 | 2.00 | 21.00 | 23.00 | OK | |
| r-release-macos-x86_64 | 0.1.3 | 3.00 | 36.00 | 39.00 | OK | |
| r-release-windows-x86_64 | 0.1.3 | 5.00 | 53.00 | 58.00 | OK | |
| r-oldrel-macos-arm64 | 0.1.3 | 2.00 | 17.00 | 19.00 | NOTE | |
| r-oldrel-macos-x86_64 | 0.1.3 | 2.00 | 27.00 | 29.00 | NOTE | |
| r-oldrel-windows-x86_64 | 0.1.3 | 7.00 | 60.00 | 67.00 | NOTE |
Version: 0.1.3
Check: LazyData
Result: NOTE
'LazyData' is specified without a 'data' directory
Flavors: r-oldrel-macos-arm64, r-oldrel-macos-x86_64, r-oldrel-windows-x86_64