CRAN Package Check Results for Package shinyMonacoEditor

Last updated on 2022-05-16 02:51:13 CEST.

Flavor Version Tinstall Tcheck Ttotal Status Flags
r-devel-linux-x86_64-debian-clang 1.1.0 5.89 44.29 50.18 NOTE
r-devel-linux-x86_64-debian-gcc 1.1.0 4.78 34.53 39.31 NOTE
r-devel-linux-x86_64-fedora-clang 1.1.0 58.81 NOTE
r-devel-linux-x86_64-fedora-gcc 1.1.0 57.40 NOTE
r-devel-windows-x86_64 1.1.0 459.00 74.00 533.00 NOTE
r-patched-linux-x86_64 1.1.0 4.08 43.71 47.79 NOTE
r-release-linux-x86_64 1.1.0 6.14 43.10 49.24 NOTE
r-release-macos-arm64 1.1.0 20.00 NOTE
r-release-macos-x86_64 1.1.0 39.00 NOTE
r-release-windows-x86_64 1.1.0 385.00 77.00 462.00 NOTE
r-oldrel-macos-arm64 1.1.0 26.00 NOTE
r-oldrel-macos-x86_64 1.1.0 34.00 NOTE
r-oldrel-windows-ix86+x86_64 1.1.0 15.00 58.00 73.00 NOTE

Check Details

Version: 1.1.0
Check: LazyData
Result: NOTE
     'LazyData' is specified without a 'data' directory
Flavors: r-devel-linux-x86_64-debian-clang, r-devel-linux-x86_64-debian-gcc, r-devel-linux-x86_64-fedora-clang, r-devel-linux-x86_64-fedora-gcc, r-devel-windows-x86_64, r-patched-linux-x86_64, r-release-linux-x86_64, r-release-macos-arm64, r-release-macos-x86_64, r-release-windows-x86_64, r-oldrel-macos-arm64, r-oldrel-macos-x86_64, r-oldrel-windows-ix86+x86_64

Version: 1.1.0
Check: installed package size
Result: NOTE
     installed size is 21.6Mb
     sub-directories of 1Mb or more:
     shinyApp 21.4Mb
Flavors: r-devel-linux-x86_64-fedora-clang, r-devel-windows-x86_64, r-release-macos-arm64, r-release-macos-x86_64, r-release-windows-x86_64, r-oldrel-macos-arm64, r-oldrel-macos-x86_64, r-oldrel-windows-ix86+x86_64