Last updated on 2024-08-16 01:48:30 CEST.
Flavor | Version | Tinstall | Tcheck | Ttotal | Status | Flags |
---|---|---|---|---|---|---|
r-devel-linux-x86_64-debian-clang | 0.0.2 | 4.43 | 40.86 | 45.29 | NOTE | |
r-devel-linux-x86_64-debian-gcc | 0.0.2 | 3.62 | 30.16 | 33.78 | NOTE | |
r-devel-linux-x86_64-fedora-clang | 0.0.2 | 71.68 | OK | |||
r-devel-linux-x86_64-fedora-gcc | 0.0.2 | 80.24 | OK | |||
r-devel-windows-x86_64 | 0.0.2 | 7.00 | 62.00 | 69.00 | NOTE | |
r-patched-linux-x86_64 | 0.0.2 | 10.15 | 38.34 | 48.49 | OK | |
r-release-linux-x86_64 | 0.0.2 | 4.26 | 38.15 | 42.41 | OK | |
r-release-macos-arm64 | 0.0.2 | 31.00 | OK | |||
r-release-macos-x86_64 | 0.0.2 | 45.00 | OK | |||
r-release-windows-x86_64 | 0.0.2 | 7.00 | 67.00 | 74.00 | OK | |
r-oldrel-macos-arm64 | 0.0.2 | 29.00 | OK | |||
r-oldrel-macos-x86_64 | 0.0.2 | 53.00 | OK | |||
r-oldrel-windows-x86_64 | 0.0.2 | 8.00 | 65.00 | 73.00 | OK |
Version: 0.0.2
Check: Rd cross-references
Result: NOTE
Found the following Rd file(s) with Rd \link{} targets missing package
anchors:
connect_sqlite.Rd: RSQLite, DBI
create_schema.Rd: RSQLite, DBI
db.read_table.Rd: DBI, tibble
db.write_table.Rd: DBI
shinynotes.Rd: DBI
Please provide package anchors for all Rd \link{} targets not in the
package itself and the base packages.
Flavors: r-devel-linux-x86_64-debian-clang, r-devel-linux-x86_64-debian-gcc, r-devel-windows-x86_64