CRAN Package Check Results for Package shinyRGL

Last updated on 2025-05-19 02:49:48 CEST.

Flavor Version Tinstall Tcheck Ttotal Status Flags
r-devel-linux-x86_64-debian-clang 0.1.0 3.59 34.49 38.08 NOTE
r-devel-linux-x86_64-debian-gcc 0.1.0 2.50 27.02 29.52 NOTE
r-devel-linux-x86_64-fedora-clang 0.1.0 61.62 OK
r-devel-linux-x86_64-fedora-gcc 0.1.0 59.10 OK
r-devel-windows-x86_64 0.1.0 5.00 67.00 72.00 OK
r-patched-linux-x86_64 0.1.0 3.49 33.20 36.69 OK
r-release-linux-x86_64 0.1.0 4.01 32.86 36.87 OK
r-release-macos-arm64 0.1.0 21.00 OK
r-release-macos-x86_64 0.1.0 30.00 OK
r-release-windows-x86_64 0.1.0 8.00 68.00 76.00 OK
r-oldrel-macos-arm64 0.1.0 21.00 OK
r-oldrel-macos-x86_64 0.1.0 33.00 OK
r-oldrel-windows-x86_64 0.1.0 8.00 65.00 73.00 OK

Check Details

Version: 0.1.0
Check: CRAN incoming feasibility
Result: NOTE Maintainer: ‘Jeff Allen <jeff@trestletech.com>’ No Authors@R field in DESCRIPTION. Please add one, modifying Authors@R: c(person(given = "Trestle", family = "Technology", role = "aut"), person(family = "LLC.", role = "aut"), person(given = "Jeff", family = "Allen", role = "cre", email = "jeff@trestletech.com")) as necessary. Flavors: r-devel-linux-x86_64-debian-clang, r-devel-linux-x86_64-debian-gcc