Last updated on 2024-04-19 01:59:01 CEST.
Flavor | Version | Tinstall | Tcheck | Ttotal | Status | Flags |
---|---|---|---|---|---|---|
r-devel-linux-x86_64-debian-clang | 0.2.1 | 8.19 | 80.43 | 88.62 | NOTE | |
r-devel-linux-x86_64-debian-gcc | 0.2.1 | 6.59 | 58.80 | 65.39 | NOTE | |
r-devel-linux-x86_64-fedora-clang | 0.2.1 | 113.70 | NOTE | |||
r-devel-linux-x86_64-fedora-gcc | 0.2.1 | 117.90 | NOTE | |||
r-prerel-macos-arm64 | 0.2.1 | 38.00 | NOTE | |||
r-prerel-windows-x86_64 | 0.2.1 | 8.00 | 77.00 | 85.00 | NOTE | |
r-patched-linux-x86_64 | 0.2.1 | 7.18 | 74.25 | 81.43 | NOTE | |
r-release-linux-x86_64 | 0.2.1 | 8.11 | 76.78 | 84.89 | OK | |
r-release-macos-arm64 | 0.2.1 | 39.00 | OK | |||
r-release-macos-x86_64 | 0.2.1 | 65.00 | OK | |||
r-release-windows-x86_64 | 0.2.1 | 10.00 | 93.00 | 103.00 | OK | |
r-oldrel-macos-arm64 | 0.2.1 | 34.00 | OK | |||
r-oldrel-windows-x86_64 | 0.2.1 | 11.00 | 90.00 | 101.00 | OK |
Version: 0.2.1
Check: Rd files
Result: NOTE
checkRd: (-1) store_googledrive.Rd:19: Lost braces; missing escapes or markup?
19 | See the {gargle} package to manage authentication, and especially
| ^
checkRd: (-1) store_googledrive.Rd:20: Lost braces; missing escapes or markup?
20 | \href{https://gargle.r-lib.org/articles/articles/managing-tokens-securely.html}{this vignette from {gargle} package} to manage the process.
| ^
Flavors: r-devel-linux-x86_64-debian-clang, r-devel-linux-x86_64-debian-gcc, r-devel-linux-x86_64-fedora-clang, r-devel-linux-x86_64-fedora-gcc, r-prerel-macos-arm64, r-prerel-windows-x86_64, r-patched-linux-x86_64