Last updated on 2024-04-17 01:49:57 CEST.
Flavor | Version | Tinstall | Tcheck | Ttotal | Status | Flags |
---|---|---|---|---|---|---|
r-devel-linux-x86_64-debian-clang | 1.0.410 | 12.37 | 97.27 | 109.64 | NOTE | |
r-devel-linux-x86_64-debian-gcc | 1.0.410 | 10.00 | 72.02 | 82.02 | NOTE | |
r-devel-linux-x86_64-fedora-clang | 1.0.410 | 134.53 | NOTE | |||
r-devel-linux-x86_64-fedora-gcc | 1.0.410 | 140.48 | NOTE | |||
r-prerel-macos-arm64 | 1.0.410 | 47.00 | NOTE | |||
r-prerel-windows-x86_64 | 1.0.410 | 16.00 | 90.00 | 106.00 | NOTE | |
r-patched-linux-x86_64 | 1.0.410 | 11.39 | 89.56 | 100.95 | NOTE | |
r-release-linux-x86_64 | 1.0.410 | 10.41 | 91.90 | 102.31 | OK | |
r-release-macos-arm64 | 1.0.410 | 49.00 | OK | |||
r-release-macos-x86_64 | 1.0.410 | 78.00 | OK | |||
r-release-windows-x86_64 | 1.0.410 | 19.00 | 99.00 | 118.00 | OK | |
r-oldrel-macos-arm64 | 1.0.410 | 42.00 | OK | |||
r-oldrel-windows-x86_64 | 1.0.410 | 17.00 | 100.00 | 117.00 | OK |
Version: 1.0.410
Check: Rd files
Result: NOTE
checkRd: (-1) custom-labels.Rd:7: Lost braces; missing escapes or markup?
7 | \title{Modify {shinymanager} labels to use custom text}
| ^
checkRd: (-1) use_language.Rd:5: Lost braces; missing escapes or markup?
5 | \title{Use {shinymanager} labels}
| ^
Flavors: r-devel-linux-x86_64-debian-clang, r-devel-linux-x86_64-debian-gcc, r-devel-linux-x86_64-fedora-clang, r-devel-linux-x86_64-fedora-gcc, r-prerel-macos-arm64, r-prerel-windows-x86_64, r-patched-linux-x86_64