CRAN Package Check Results for Package shinyobjects

Last updated on 2022-05-21 02:50:56 CEST.

Flavor Version Tinstall Tcheck Ttotal Status Flags
r-devel-linux-x86_64-debian-clang 0.2.0 8.53 91.45 99.98 NOTE
r-devel-linux-x86_64-debian-gcc 0.2.0 6.54 67.24 73.78 NOTE
r-devel-linux-x86_64-fedora-clang 0.2.0 115.89 NOTE
r-devel-linux-x86_64-fedora-gcc 0.2.0 114.68 NOTE
r-devel-windows-x86_64 0.2.0 44.00 112.00 156.00 NOTE
r-patched-linux-x86_64 0.2.0 5.24 84.93 90.17 NOTE
r-release-linux-x86_64 0.2.0 6.62 83.30 89.92 NOTE
r-release-macos-arm64 0.2.0 33.00 NOTE
r-release-macos-x86_64 0.2.0 64.00 NOTE
r-release-windows-x86_64 0.2.0 39.00 108.00 147.00 NOTE
r-oldrel-macos-arm64 0.2.0 32.00 NOTE
r-oldrel-macos-x86_64 0.2.0 58.00 NOTE
r-oldrel-windows-ix86+x86_64 0.2.0 21.00 107.00 128.00 NOTE

Check Details

Version: 0.2.0
Check: LazyData
Result: NOTE
     'LazyData' is specified without a 'data' directory
Flavors: r-devel-linux-x86_64-debian-clang, r-devel-linux-x86_64-debian-gcc, r-devel-linux-x86_64-fedora-clang, r-devel-linux-x86_64-fedora-gcc, r-devel-windows-x86_64, r-patched-linux-x86_64, r-release-linux-x86_64, r-release-macos-arm64, r-release-macos-x86_64, r-release-windows-x86_64, r-oldrel-macos-arm64, r-oldrel-macos-x86_64, r-oldrel-windows-ix86+x86_64

Version: 0.2.0
Check: dependencies in R code
Result: NOTE
    Namespace in Imports field not imported from: ‘purrr’
     All declared Imports should be used.
Flavors: r-devel-linux-x86_64-fedora-clang, r-devel-linux-x86_64-fedora-gcc, r-release-macos-arm64, r-release-macos-x86_64, r-oldrel-macos-arm64, r-oldrel-macos-x86_64