Last updated on 2022-05-16 02:51:13 CEST.
Flavor | Version | Tinstall | Tcheck | Ttotal | Status | Flags |
---|---|---|---|---|---|---|
r-devel-linux-x86_64-debian-clang | 0.3.0 | 16.38 | 174.61 | 190.99 | OK | |
r-devel-linux-x86_64-debian-gcc | 0.3.0 | 12.24 | 127.65 | 139.89 | OK | |
r-devel-linux-x86_64-fedora-clang | 0.3.0 | 223.72 | NOTE | |||
r-devel-linux-x86_64-fedora-gcc | 0.3.0 | 220.15 | NOTE | |||
r-devel-windows-x86_64 | 0.3.0 | 38.00 | 197.00 | 235.00 | OK | |
r-patched-linux-x86_64 | 0.3.0 | 17.93 | 160.65 | 178.58 | OK | |
r-release-linux-x86_64 | 0.3.0 | 15.61 | 162.84 | 178.45 | OK | |
r-release-macos-arm64 | 0.3.0 | 62.00 | NOTE | |||
r-release-macos-x86_64 | 0.3.0 | 110.00 | NOTE | |||
r-release-windows-x86_64 | 0.3.0 | 48.00 | 195.00 | 243.00 | OK | |
r-oldrel-macos-arm64 | 0.3.0 | 65.00 | NOTE | |||
r-oldrel-macos-x86_64 | 0.3.0 | 81.00 | NOTE | |||
r-oldrel-windows-ix86+x86_64 | 0.3.0 | 41.00 | 177.00 | 218.00 | OK |
Version: 0.3.0
Check: dependencies in R code
Result: NOTE
Namespaces in Imports field not imported from:
‘e1071’ ‘knitr’
All declared Imports should be used.
Flavors: r-devel-linux-x86_64-fedora-clang, r-devel-linux-x86_64-fedora-gcc, r-release-macos-arm64, r-release-macos-x86_64, r-oldrel-macos-arm64, r-oldrel-macos-x86_64