CRAN Package Check Results for Package shinytoastr

Last updated on 2022-10-01 01:49:17 CEST.

Flavor Version Tinstall Tcheck Ttotal Status Flags
r-devel-linux-x86_64-debian-clang 2.1.1 2.48 36.24 38.72 NOTE
r-devel-linux-x86_64-debian-gcc 2.1.1 2.01 27.88 29.89 NOTE
r-devel-linux-x86_64-fedora-clang 2.1.1 64.15 NOTE
r-devel-linux-x86_64-fedora-gcc 2.1.1 57.72 NOTE
r-devel-windows-x86_64 2.1.1 14.00 64.00 78.00 NOTE
r-patched-linux-x86_64 2.1.1 3.08 35.43 38.51 NOTE
r-release-linux-x86_64 2.1.1 2.94 35.13 38.07 NOTE
r-release-macos-arm64 2.1.1 16.00 NOTE
r-release-macos-x86_64 2.1.1 35.00 NOTE
r-release-windows-x86_64 2.1.1 13.00 65.00 78.00 NOTE
r-oldrel-macos-arm64 2.1.1 21.00 NOTE
r-oldrel-macos-x86_64 2.1.1 32.00 NOTE
r-oldrel-windows-ix86+x86_64 2.1.1 10.00 60.00 70.00 NOTE

Check Details

Version: 2.1.1
Check: LazyData
Result: NOTE
     'LazyData' is specified without a 'data' directory
Flavors: r-devel-linux-x86_64-debian-clang, r-devel-linux-x86_64-debian-gcc, r-devel-linux-x86_64-fedora-clang, r-devel-linux-x86_64-fedora-gcc, r-devel-windows-x86_64, r-patched-linux-x86_64, r-release-linux-x86_64, r-release-macos-arm64, r-release-macos-x86_64, r-release-windows-x86_64, r-oldrel-macos-arm64, r-oldrel-macos-x86_64, r-oldrel-windows-ix86+x86_64