CRAN Package Check Results for Package showimage

Last updated on 2022-05-18 01:50:03 CEST.

Flavor Version Tinstall Tcheck Ttotal Status Flags
r-devel-linux-x86_64-debian-clang 1.0.0 1.64 32.10 33.74 NOTE
r-devel-linux-x86_64-debian-gcc 1.0.0 1.59 25.33 26.92 NOTE
r-devel-linux-x86_64-fedora-clang 1.0.0 41.43 NOTE
r-devel-linux-x86_64-fedora-gcc 1.0.0 41.35 NOTE
r-devel-windows-x86_64 1.0.0 14.00 50.00 64.00 NOTE
r-patched-linux-x86_64 1.0.0 1.70 31.80 33.50 NOTE
r-release-linux-x86_64 1.0.0 1.93 31.26 33.19 NOTE
r-release-macos-arm64 1.0.0 14.00 NOTE
r-release-macos-x86_64 1.0.0 21.00 NOTE
r-release-windows-x86_64 1.0.0 15.00 48.00 63.00 NOTE
r-oldrel-macos-arm64 1.0.0 24.00 NOTE
r-oldrel-macos-x86_64 1.0.0 28.00 NOTE
r-oldrel-windows-ix86+x86_64 1.0.0 9.00 38.00 47.00 NOTE

Check Details

Version: 1.0.0
Check: LazyData
Result: NOTE
     'LazyData' is specified without a 'data' directory
Flavors: r-devel-linux-x86_64-debian-clang, r-devel-linux-x86_64-debian-gcc, r-devel-linux-x86_64-fedora-clang, r-devel-linux-x86_64-fedora-gcc, r-devel-windows-x86_64, r-patched-linux-x86_64, r-release-linux-x86_64, r-release-macos-arm64, r-release-macos-x86_64, r-release-windows-x86_64, r-oldrel-macos-arm64, r-oldrel-macos-x86_64, r-oldrel-windows-ix86+x86_64