Last updated on 2025-10-25 01:51:17 CEST.
| Flavor | Version | Tinstall | Tcheck | Ttotal | Status | Flags |
|---|---|---|---|---|---|---|
| r-devel-linux-x86_64-debian-clang | 1.0.1 | 88.69 | 69.54 | 158.23 | OK | |
| r-devel-linux-x86_64-debian-gcc | 1.0.1 | 55.81 | 47.88 | 103.69 | OK | |
| r-devel-linux-x86_64-fedora-clang | 1.0.1 | 294.00 | -17.42 | 276.58 | OK | |
| r-devel-linux-x86_64-fedora-gcc | 1.0.1 | 118.00 | 133.83 | 251.83 | OK | |
| r-devel-windows-x86_64 | 1.0.1 | 88.00 | 178.00 | 266.00 | OK | |
| r-patched-linux-x86_64 | 1.0.1 | 81.65 | 65.96 | 147.61 | OK | |
| r-release-linux-x86_64 | 1.0.1 | 81.32 | 67.49 | 148.81 | OK | |
| r-release-macos-arm64 | 1.0.1 | 31.00 | 32.00 | 63.00 | OK | |
| r-release-macos-x86_64 | 1.0.1 | 40.00 | 61.00 | 101.00 | OK | |
| r-release-windows-x86_64 | 1.0.1 | 90.00 | 105.00 | 195.00 | OK | |
| r-oldrel-macos-arm64 | 1.0.1 | 36.00 | 43.00 | 79.00 | NOTE | |
| r-oldrel-macos-x86_64 | 1.0.1 | 54.00 | 72.00 | 126.00 | NOTE | |
| r-oldrel-windows-x86_64 | 1.0.1 | 104.00 | 127.00 | 231.00 | OK |
Version: 1.0.1
Check: installed package size
Result: NOTE
installed size is 6.1Mb
sub-directories of 1Mb or more:
libs 5.9Mb
Flavors: r-oldrel-macos-arm64, r-oldrel-macos-x86_64