Last updated on 2022-05-21 02:50:56 CEST.
Flavor | Version | Tinstall | Tcheck | Ttotal | Status | Flags |
---|---|---|---|---|---|---|
r-devel-linux-x86_64-debian-clang | 0.2.4 | 2.78 | 101.93 | 104.71 | OK | |
r-devel-linux-x86_64-debian-gcc | 0.2.4 | 2.69 | 74.75 | 77.44 | OK | |
r-devel-linux-x86_64-fedora-clang | 0.2.4 | 122.44 | NOTE | |||
r-devel-linux-x86_64-fedora-gcc | 0.2.4 | 124.31 | NOTE | |||
r-devel-windows-x86_64 | 0.2.4 | 19.00 | 141.00 | 160.00 | OK | |
r-patched-linux-x86_64 | 0.2.4 | 3.14 | 95.67 | 98.81 | OK | |
r-release-linux-x86_64 | 0.2.4 | 3.03 | 97.05 | 100.08 | OK | |
r-release-macos-arm64 | 0.2.4 | 35.00 | NOTE | |||
r-release-macos-x86_64 | 0.2.4 | 68.00 | NOTE | |||
r-release-windows-x86_64 | 0.2.4 | 18.00 | 134.00 | 152.00 | OK | |
r-oldrel-macos-arm64 | 0.2.4 | 54.00 | NOTE | |||
r-oldrel-macos-x86_64 | 0.2.4 | 70.00 | NOTE | |||
r-oldrel-windows-ix86+x86_64 | 0.2.4 | 11.00 | 132.00 | 143.00 | OK |
Version: 0.2.4
Check: dependencies in R code
Result: NOTE
Namespace in Imports field not imported from: ‘dplyr’
All declared Imports should be used.
Flavors: r-devel-linux-x86_64-fedora-clang, r-devel-linux-x86_64-fedora-gcc, r-release-macos-arm64, r-release-macos-x86_64, r-oldrel-macos-arm64, r-oldrel-macos-x86_64