CRAN Package Check Results for Package sigminer

Last updated on 2022-01-20 01:50:49 CET.

Flavor Version Tinstall Tcheck Ttotal Status Flags
r-devel-linux-x86_64-debian-clang 2.1.2 OK
r-devel-linux-x86_64-debian-gcc 2.1.2 39.34 197.73 237.07 OK
r-devel-linux-x86_64-fedora-clang 2.1.2 380.63 NOTE
r-devel-linux-x86_64-fedora-gcc 2.1.2 358.67 OK
r-devel-windows-x86_64-new-UL 2.1.2 218.00 357.00 575.00 NOTE
r-devel-windows-x86_64-new-TK 2.1.2 OK
r-patched-linux-x86_64 2.1.2 47.21 250.85 298.06 OK
r-release-linux-x86_64 2.1.2 OK
r-release-macos-arm64 2.1.2 NOTE
r-release-macos-x86_64 2.1.2 NOTE
r-release-windows-ix86+x86_64 2.1.2 105.00 437.00 542.00 NOTE
r-oldrel-macos-x86_64 2.1.2 ERROR
r-oldrel-windows-ix86+x86_64 2.1.2 106.00 439.00 545.00 NOTE

Check Details

Version: 2.1.2
Check: installed package size
Result: NOTE
     installed size is 6.0Mb
     sub-directories of 1Mb or more:
     extdata 2.7Mb
Flavors: r-devel-linux-x86_64-fedora-clang, r-devel-windows-x86_64-new-UL, r-release-macos-arm64, r-release-macos-x86_64, r-release-windows-ix86+x86_64, r-oldrel-windows-ix86+x86_64

Version: 2.1.2
Check: package dependencies
Result: NOTE
    Package suggested but not available for checking: ‘copynumber’
Flavor: r-release-macos-arm64

Version: 2.1.2
Check: package dependencies
Result: ERROR
    Package required but not available: ‘maftools’
    
    Package suggested but not available for checking: ‘copynumber’
    
    See section ‘The DESCRIPTION file’ in the ‘Writing R Extensions’
    manual.
Flavor: r-oldrel-macos-x86_64