Last updated on 2024-04-26 01:53:24 CEST.
Flavor | Version | Tinstall | Tcheck | Ttotal | Status | Flags |
---|---|---|---|---|---|---|
r-devel-linux-x86_64-debian-clang | 1.8-0 | 7.02 | 49.39 | 56.41 | OK | |
r-devel-linux-x86_64-debian-gcc | 1.8-0 | 4.90 | 36.33 | 41.23 | OK | |
r-devel-linux-x86_64-fedora-clang | 1.8-0 | 74.61 | NOTE | |||
r-devel-linux-x86_64-fedora-gcc | 1.8-0 | 71.76 | NOTE | |||
r-devel-windows-x86_64 | 1.8-0 | 9.00 | 68.00 | 77.00 | OK | |
r-patched-linux-x86_64 | 1.8-0 | 9.07 | 46.71 | 55.78 | OK | |
r-release-linux-x86_64 | 1.8-0 | 7.82 | 45.31 | 53.13 | OK | |
r-release-macos-arm64 | 1.8-0 | 24.00 | OK | |||
r-release-windows-x86_64 | 1.8-0 | 12.00 | 67.00 | 79.00 | OK | |
r-oldrel-macos-arm64 | 1.8-0 | 39.00 | OK | |||
r-oldrel-macos-x86_64 | 1.8-0 | 74.00 | OK | |||
r-oldrel-windows-x86_64 | 1.8-0 | 10.00 | 72.00 | 82.00 | OK |
Version: 1.8-0
Check: compiled code
Result: NOTE
File ‘signal/libs/signal.so’:
Found no calls to: ‘R_registerRoutines’, ‘R_useDynamicSymbols’
It is good practice to register native routines and to disable symbol
search.
See ‘Writing portable packages’ in the ‘Writing R Extensions’ manual.
Flavors: r-devel-linux-x86_64-fedora-clang, r-devel-linux-x86_64-fedora-gcc