Last updated on 2024-05-02 01:57:16 CEST.
Flavor | Version | Tinstall | Tcheck | Ttotal | Status | Flags |
---|---|---|---|---|---|---|
r-devel-linux-x86_64-debian-clang | 1.5 | 26.26 | 43.84 | 70.10 | NOTE | |
r-devel-linux-x86_64-debian-gcc | 1.5 | 18.33 | 33.46 | 51.79 | NOTE | |
r-devel-linux-x86_64-fedora-clang | 1.5 | 91.57 | NOTE | |||
r-devel-linux-x86_64-fedora-gcc | 1.5 | 90.90 | NOTE | |||
r-devel-windows-x86_64 | 1.5 | 22.00 | 72.00 | 94.00 | NOTE | |
r-patched-linux-x86_64 | 1.5 | 20.95 | 42.94 | 63.89 | NOTE | |
r-release-linux-x86_64 | 1.5 | 20.41 | 41.34 | 61.75 | NOTE | |
r-release-macos-arm64 | 1.5 | 26.00 | NOTE | |||
r-release-windows-x86_64 | 1.5 | 22.00 | 72.00 | 94.00 | NOTE | |
r-oldrel-macos-arm64 | 1.5 | 28.00 | OK | |||
r-oldrel-macos-x86_64 | 1.5 | 46.00 | OK | |||
r-oldrel-windows-x86_64 | 1.5 | 27.00 | 80.00 | 107.00 | OK |
Version: 1.5
Check: Rd files
Result: NOTE
checkRd: (-1) add_k_mer_state.Rd:33: Lost braces in \itemize; \value handles \item{}{} directly
checkRd: (-1) add_k_mer_state.Rd:34: Lost braces in \itemize; \value handles \item{}{} directly
checkRd: (-1) add_k_mer_state.Rd:35: Lost braces in \itemize; \value handles \item{}{} directly
checkRd: (-1) add_k_mer_state.Rd:36: Lost braces in \itemize; \value handles \item{}{} directly
checkRd: (-1) duration_viterbi.Rd:23: Lost braces in \itemize; \value handles \item{}{} directly
checkRd: (-1) duration_viterbi.Rd:24: Lost braces in \itemize; \value handles \item{}{} directly
checkRd: (-1) duration_viterbi.Rd:25: Lost braces in \itemize; \value handles \item{}{} directly
checkRd: (-1) duration_viterbi.Rd:26: Lost braces in \itemize; \value handles \item{}{} directly
Flavors: r-devel-linux-x86_64-debian-clang, r-devel-linux-x86_64-debian-gcc, r-devel-linux-x86_64-fedora-clang, r-devel-linux-x86_64-fedora-gcc, r-devel-windows-x86_64, r-patched-linux-x86_64, r-release-linux-x86_64, r-release-macos-arm64, r-release-windows-x86_64