Last updated on 2024-04-26 01:53:24 CEST.
Flavor | Version | Tinstall | Tcheck | Ttotal | Status | Flags |
---|---|---|---|---|---|---|
r-devel-linux-x86_64-debian-clang | 1.0.0 | 6.80 | 65.83 | 72.63 | NOTE | |
r-devel-linux-x86_64-debian-gcc | 1.0.0 | 5.42 | 49.12 | 54.54 | NOTE | |
r-devel-linux-x86_64-fedora-clang | 1.0.0 | 91.51 | NOTE | |||
r-devel-linux-x86_64-fedora-gcc | 1.0.0 | 84.89 | NOTE | |||
r-devel-windows-x86_64 | 1.0.0 | 8.00 | 63.00 | 71.00 | NOTE | |
r-patched-linux-x86_64 | 1.0.0 | 8.50 | 60.82 | 69.32 | NOTE | |
r-release-linux-x86_64 | 1.0.0 | 7.30 | 64.51 | 71.81 | NOTE | |
r-release-macos-arm64 | 1.0.0 | 29.00 | NOTE | |||
r-release-windows-x86_64 | 1.0.0 | 7.00 | 62.00 | 69.00 | NOTE | |
r-oldrel-macos-arm64 | 1.0.0 | 33.00 | NOTE | |||
r-oldrel-macos-x86_64 | 1.0.0 | 48.00 | NOTE | |||
r-oldrel-windows-x86_64 | 1.0.0 | 9.00 | 74.00 | 83.00 | NOTE |
Version: 1.0.0
Check: LazyData
Result: NOTE
'LazyData' is specified without a 'data' directory
Flavors: r-devel-linux-x86_64-debian-clang, r-devel-linux-x86_64-debian-gcc, r-devel-linux-x86_64-fedora-clang, r-devel-linux-x86_64-fedora-gcc, r-devel-windows-x86_64, r-patched-linux-x86_64, r-release-linux-x86_64, r-release-macos-arm64, r-release-windows-x86_64, r-oldrel-macos-arm64, r-oldrel-macos-x86_64, r-oldrel-windows-x86_64