CRAN Package Check Results for Package simITS

Last updated on 2022-01-17 01:48:36 CET.

Flavor Version Tinstall Tcheck Ttotal Status Flags
r-devel-linux-x86_64-debian-clang 0.1.1 4.95 103.21 108.16 OK
r-devel-linux-x86_64-debian-gcc 0.1.1 3.91 78.17 82.08 OK
r-devel-linux-x86_64-fedora-clang 0.1.1 130.74 OK
r-devel-linux-x86_64-fedora-gcc 0.1.1 124.97 OK
r-devel-windows-x86_64-new-UL 0.1.1 44.00 132.00 176.00 OK
r-devel-windows-x86_64-new-TK 0.1.1 ERROR
r-patched-linux-x86_64 0.1.1 4.68 97.63 102.31 OK
r-release-linux-x86_64 0.1.1 OK
r-release-macos-arm64 0.1.1 OK
r-release-macos-x86_64 0.1.1 OK
r-release-windows-ix86+x86_64 0.1.1 13.00 123.00 136.00 OK
r-oldrel-macos-x86_64 0.1.1 OK
r-oldrel-windows-ix86+x86_64 0.1.1 13.00 126.00 139.00 OK

Check Details

Version: 0.1.1
Check: package dependencies
Result: NOTE
    Package suggested but not available for checking: 'arm'
Flavor: r-devel-windows-x86_64-new-TK

Version: 0.1.1
Check: examples
Result: ERROR
    Running examples in 'simITS-Ex.R' failed
    The error most likely occurred in:
    
    > ### Name: aggregate_simulation_results
    > ### Title: Test a passed test statistic on the simulated data
    > ### Aliases: aggregate_simulation_results
    >
    > ### ** Examples
    >
    > predictions = process_outcome_model( "pbail", mecklenberg,
    + t0=0, R = 5,
    + summarize = FALSE, smooth=FALSE )
    Error in loadNamespace(x) : there is no package called 'arm'
    Calls: process_outcome_model ... loadNamespace -> withRestarts -> withOneRestart -> doWithOneRestart
    Execution halted
Flavor: r-devel-windows-x86_64-new-TK

Version: 0.1.1
Check: tests
Result: ERROR
     Running 'testthat.R'
    Running the tests in 'tests/testthat.R' failed.
    Complete output:
     > library(testthat)
     > test_check("simITS")
     Loading required package: simITS
     Loading required package: dplyr
    
     Attaching package: 'dplyr'
    
     The following object is masked from 'package:testthat':
    
     matches
    
     The following objects are masked from 'package:stats':
    
     filter, lag
    
     The following objects are masked from 'package:base':
    
     intersect, setdiff, setequal, union
    
     Loading required package: rlang
    
     Attaching package: 'rlang'
    
     The following objects are masked from 'package:testthat':
    
     is_false, is_null, is_true
    
     ══ Failed tests ════════════════════════════════════════════════════════════════
     ── Error (test-ITSModelingCode.R:67:3): extrapolate_model works ────────────────
     <packageNotFoundError/error/condition>
     Error in `loadNamespace(x)`: there is no package called 'arm'
     Backtrace:
     █
     1. ├─simITS::extrapolate_model(...) test-ITSModelingCode.R:67:2
     2. │ └─simITS::make_many_predictions(...)
     3. └─base::loadNamespace(x)
     4. └─base::withRestarts(stop(cond), retry_loadNamespace = function() NULL)
     5. └─base:::withOneRestart(expr, restarts[[1L]])
     6. └─base:::doWithOneRestart(return(expr), restart)
     ── Error (test-ITSModelingCode.R:101:5): Warning in exponential blowup works ───
     <packageNotFoundError/error/condition>
     Error in `loadNamespace(x)`: there is no package called 'arm'
     Backtrace:
     █
     1. ├─testthat::expect_warning(...) test-ITSModelingCode.R:101:4
     2. │ └─testthat:::quasi_capture(enquo(object), label, capture_warnings)
     3. │ ├─testthat:::.capture(...)
     4. │ │ └─base::withCallingHandlers(...)
     5. │ └─rlang::eval_bare(quo_get_expr(.quo), quo_get_env(.quo))
     6. ├─simITS::extrapolate_model(...)
     7. │ └─simITS::make_many_predictions(...)
     8. └─base::loadNamespace(x)
     9. └─base::withRestarts(stop(cond), retry_loadNamespace = function() NULL)
     10. └─base:::withOneRestart(expr, restarts[[1L]])
     11. └─base:::doWithOneRestart(return(expr), restart)
     ── Error (test-aggregate_simulation_results.R:10:3): Aggregation of simulation results works ──
     <packageNotFoundError/error/condition>
     Error in `loadNamespace(x)`: there is no package called 'arm'
     Backtrace:
     █
     1. ├─simITS::process_outcome_model(...) test-aggregate_simulation_results.R:10:2
     2. │ └─simITS::extrapolate_model(...)
     3. │ └─simITS::make_many_predictions(...)
     4. └─base::loadNamespace(x)
     5. └─base::withRestarts(stop(cond), retry_loadNamespace = function() NULL)
     6. └─base:::withOneRestart(expr, restarts[[1L]])
     7. └─base:::doWithOneRestart(return(expr), restart)
     ── Error (test-aggregate_simulation_results.R:37:3): Alternate function works for aggregation ──
     <packageNotFoundError/error/condition>
     Error in `loadNamespace(x)`: there is no package called 'arm'
     Backtrace:
     █
     1. ├─simITS::process_outcome_model(...) test-aggregate_simulation_results.R:37:2
     2. │ └─simITS::extrapolate_model(...)
     3. │ └─simITS::make_many_predictions(...)
     4. └─base::loadNamespace(x)
     5. └─base::withRestarts(stop(cond), retry_loadNamespace = function() NULL)
     6. └─base:::withOneRestart(expr, restarts[[1L]])
     7. └─base:::doWithOneRestart(return(expr), restart)
     ── Error (test-general_tests.R:9:3): The four types of smooth vs summarize calls work ──
     <packageNotFoundError/error/condition>
     Error in `loadNamespace(x)`: there is no package called 'arm'
     Backtrace:
     █
     1. ├─simITS::process_outcome_model(...) test-general_tests.R:9:2
     2. │ └─simITS::extrapolate_model(...)
     3. │ └─simITS::make_many_predictions(...)
     4. └─base::loadNamespace(x)
     5. └─base::withRestarts(stop(cond), retry_loadNamespace = function() NULL)
     6. └─base:::withOneRestart(expr, restarts[[1L]])
     7. └─base:::doWithOneRestart(return(expr), restart)
     ── Error (test-general_tests.R:49:3): Smoothing with post.only=TRUE gives post smoothed only ──
     <packageNotFoundError/error/condition>
     Error in `loadNamespace(x)`: there is no package called 'arm'
     Backtrace:
     █
     1. ├─simITS::process_outcome_model(...) test-general_tests.R:49:2
     2. │ └─simITS::extrapolate_model(...)
     3. │ └─simITS::make_many_predictions(...)
     4. └─base::loadNamespace(x)
     5. └─base::withRestarts(stop(cond), retry_loadNamespace = function() NULL)
     6. └─base:::withOneRestart(expr, restarts[[1L]])
     7. └─base:::doWithOneRestart(return(expr), restart)
     ── Error (test-make_envelope_graph.R:7:3): make_envelope_graph works ───────────
     <packageNotFoundError/error/condition>
     Error in `loadNamespace(x)`: there is no package called 'arm'
     Backtrace:
     █
     1. ├─simITS::process_outcome_model(...) test-make_envelope_graph.R:7:2
     2. │ └─simITS::extrapolate_model(...)
     3. │ └─simITS::make_many_predictions(...)
     4. └─base::loadNamespace(x)
     5. └─base::withRestarts(stop(cond), retry_loadNamespace = function() NULL)
     6. └─base:::withOneRestart(expr, restarts[[1L]])
     7. └─base:::doWithOneRestart(return(expr), restart)
     ── Error (test-post_stratified_ITS.R:19:3): vague tests of post_stratified_ITS ──
     <packageNotFoundError/error/condition>
     Error in `loadNamespace(x)`: there is no package called 'arm'
     Backtrace:
     █
     1. ├─simITS::process_outcome_model(...) test-post_stratified_ITS.R:19:2
     2. │ └─simITS::extrapolate_model(...)
     3. │ └─simITS::make_many_predictions(...)
     4. └─base::loadNamespace(x)
     5. └─base::withRestarts(stop(cond), retry_loadNamespace = function() NULL)
     6. └─base:::withOneRestart(expr, restarts[[1L]])
     7. └─base:::doWithOneRestart(return(expr), restart)
     ── Error (test-post_stratified_ITS.R:57:3): generate_fake_grouped_data works ───
     <packageNotFoundError/error/condition>
     Error in `loadNamespace(x)`: there is no package called 'arm'
     Backtrace:
     █
     1. ├─simITS::generate_fake_grouped_data(-10, 0, 10) test-post_stratified_ITS.R:57:2
     2. └─base::loadNamespace(x)
     3. └─base::withRestarts(stop(cond), retry_loadNamespace = function() NULL)
     4. └─base:::withOneRestart(expr, restarts[[1L]])
     5. └─base:::doWithOneRestart(return(expr), restart)
     ── Error (test-process_outcome_model.R:24:3): process_outcome_model works ──────
     <packageNotFoundError/error/condition>
     Error in `loadNamespace(x)`: there is no package called 'arm'
     Backtrace:
     █
     1. ├─simITS::process_outcome_model(...) test-process_outcome_model.R:24:2
     2. │ └─simITS::extrapolate_model(...)
     3. │ └─simITS::make_many_predictions(...)
     4. └─base::loadNamespace(x)
     5. └─base::withRestarts(stop(cond), retry_loadNamespace = function() NULL)
     6. └─base:::withOneRestart(expr, restarts[[1L]])
     7. └─base:::doWithOneRestart(return(expr), restart)
     ── Error (test-process_outcome_model.R:59:3): process_outcome_model extra covariate drop works ──
     <packageNotFoundError/error/condition>
     Error in `loadNamespace(x)`: there is no package called 'arm'
     Backtrace:
     █
     1. ├─testthat::expect_warning(...) test-process_outcome_model.R:59:2
     2. │ └─testthat:::quasi_capture(enquo(object), label, capture_warnings)
     3. │ ├─testthat:::.capture(...)
     4. │ │ └─base::withCallingHandlers(...)
     5. │ └─rlang::eval_bare(quo_get_expr(.quo), quo_get_env(.quo))
     6. ├─simITS::process_outcome_model(...)
     7. │ └─simITS::extrapolate_model(...)
     8. │ └─simITS::make_many_predictions(...)
     9. └─base::loadNamespace(x)
     10. └─base::withRestarts(stop(cond), retry_loadNamespace = function() NULL)
     11. └─base:::withOneRestart(expr, restarts[[1L]])
     12. └─base:::doWithOneRestart(return(expr), restart)
    
     [ FAIL 11 | WARN 0 | SKIP 0 | PASS 50 ]
     Error: Test failures
     Execution halted
Flavor: r-devel-windows-x86_64-new-TK

Version: 0.1.1
Check: re-building of vignette outputs
Result: WARN
    Error(s) in re-building vignettes:
    --- re-building 'simple_ITS_example.Rmd' using rmarkdown
    Quitting from lines 64-69 (simple_ITS_example.Rmd)
    Error: processing vignette 'simple_ITS_example.Rmd' failed with diagnostics:
    there is no package called 'arm'
    --- failed re-building 'simple_ITS_example.Rmd'
    
    SUMMARY: processing the following file failed:
     'simple_ITS_example.Rmd'
    
    Error: Vignette re-building failed.
    Execution halted
Flavor: r-devel-windows-x86_64-new-TK