Last updated on 2025-11-12 01:49:11 CET.
| Flavor | Version | Tinstall | Tcheck | Ttotal | Status | Flags |
|---|---|---|---|---|---|---|
| r-devel-linux-x86_64-debian-clang | 2.1.3 | 59.37 | 145.59 | 204.96 | OK | |
| r-devel-linux-x86_64-debian-gcc | 2.1.3 | 37.57 | 98.09 | 135.66 | OK | |
| r-devel-linux-x86_64-fedora-clang | 2.1.3 | 242.00 | 117.36 | 359.36 | OK | |
| r-devel-linux-x86_64-fedora-gcc | 2.1.3 | 234.00 | 98.04 | 332.04 | OK | |
| r-devel-windows-x86_64 | 2.1.3 | 68.00 | 170.00 | 238.00 | OK | |
| r-patched-linux-x86_64 | 2.1.3 | 55.83 | 136.34 | 192.17 | OK | |
| r-release-linux-x86_64 | 2.1.3 | 59.30 | 135.52 | 194.82 | OK | |
| r-release-macos-arm64 | 2.1.3 | 22.00 | 58.00 | 80.00 | OK | |
| r-release-macos-x86_64 | 2.1.3 | 34.00 | 121.00 | 155.00 | OK | |
| r-release-windows-x86_64 | 2.1.3 | 63.00 | 171.00 | 234.00 | OK | |
| r-oldrel-macos-arm64 | 2.1.3 | 24.00 | 57.00 | 81.00 | NOTE | |
| r-oldrel-macos-x86_64 | 2.1.3 | 26.00 | 93.00 | 119.00 | NOTE | |
| r-oldrel-windows-x86_64 | 2.1.3 | 82.00 | 222.00 | 304.00 | OK |
Version: 2.1.3
Check: installed package size
Result: NOTE
installed size is 5.5Mb
sub-directories of 1Mb or more:
data 2.0Mb
libs 2.5Mb
Flavors: r-oldrel-macos-arm64, r-oldrel-macos-x86_64