Last updated on 2024-04-20 01:50:13 CEST.
Flavor | Version | Tinstall | Tcheck | Ttotal | Status | Flags |
---|---|---|---|---|---|---|
r-devel-linux-x86_64-debian-clang | 0.4 | 10.58 | 91.74 | 102.32 | NOTE | |
r-devel-linux-x86_64-debian-gcc | 0.4 | NOTE | ||||
r-devel-linux-x86_64-fedora-clang | 0.4 | 133.54 | NOTE | |||
r-devel-linux-x86_64-fedora-gcc | 0.4 | 121.06 | NOTE | |||
r-prerel-macos-arm64 | 0.4 | 36.00 | NOTE | |||
r-prerel-windows-x86_64 | 0.4 | 15.00 | 83.00 | 98.00 | NOTE | |
r-patched-linux-x86_64 | 0.4 | 14.40 | 87.45 | 101.85 | NOTE | |
r-release-linux-x86_64 | 0.4 | 13.00 | 86.91 | 99.91 | NOTE | |
r-release-macos-arm64 | 0.4 | 45.00 | NOTE | |||
r-release-macos-x86_64 | 0.4 | 69.00 | NOTE | |||
r-release-windows-x86_64 | 0.4 | 18.00 | 100.00 | 118.00 | NOTE | |
r-oldrel-macos-arm64 | 0.4 | 52.00 | NOTE | |||
r-oldrel-windows-x86_64 | 0.4 | 17.00 | 101.00 | 118.00 | NOTE |
Version: 0.4
Check: LazyData
Result: NOTE
'LazyData' is specified without a 'data' directory
Flavors: r-devel-linux-x86_64-debian-clang, r-devel-linux-x86_64-debian-gcc, r-devel-linux-x86_64-fedora-clang, r-devel-linux-x86_64-fedora-gcc, r-prerel-macos-arm64, r-prerel-windows-x86_64, r-patched-linux-x86_64, r-release-linux-x86_64, r-release-macos-arm64, r-release-macos-x86_64, r-release-windows-x86_64, r-oldrel-macos-arm64, r-oldrel-windows-x86_64