CRAN Package Check Results for Package simgof

Last updated on 2025-05-06 02:50:32 CEST.

Flavor Version Tinstall Tcheck Ttotal Status Flags
r-devel-linux-x86_64-debian-clang 1.0.2 1.90 18.33 20.23 NOTE
r-devel-linux-x86_64-debian-gcc 1.0.2 1.55 14.67 16.22 NOTE
r-devel-linux-x86_64-fedora-clang 1.0.2 32.36 OK
r-devel-linux-x86_64-fedora-gcc 1.0.2 30.47 OK
r-devel-windows-x86_64 1.0.2 2.00 40.00 42.00 OK
r-patched-linux-x86_64 1.0.2 1.94 17.61 19.55 OK
r-release-linux-x86_64 1.0.2 1.96 17.82 19.78 OK
r-release-macos-arm64 1.0.2 17.00 OK
r-release-macos-x86_64 1.0.2 23.00 OK
r-release-windows-x86_64 1.0.2 2.00 42.00 44.00 OK
r-oldrel-macos-arm64 1.0.2 15.00 NOTE
r-oldrel-macos-x86_64 1.0.2 21.00 NOTE
r-oldrel-windows-x86_64 1.0.2 3.00 42.00 45.00 NOTE

Check Details

Version: 1.0.2
Check: CRAN incoming feasibility
Result: NOTE Maintainer: ‘Wolfgang Rolke <wolfgang.rolke@upr.edu>’ The Description field contains value. Details can be found in <arXiv:2007.04727>. Please refer to arXiv e-prints via their arXiv DOI <doi:10.48550/arXiv.YYMM.NNNNN>. Flavors: r-devel-linux-x86_64-debian-clang, r-devel-linux-x86_64-debian-gcc

Version: 1.0.2
Check: LazyData
Result: NOTE 'LazyData' is specified without a 'data' directory Flavors: r-oldrel-macos-arm64, r-oldrel-macos-x86_64, r-oldrel-windows-x86_64